CRAN Package Check Results for Package blorr

Last updated on 2018-10-21 03:47:44 CEST.

Flavor Version Tinstall Tcheck Ttotal Status Flags
r-devel-linux-x86_64-debian-clang 0.1.0 30.42 243.03 273.45 OK
r-devel-linux-x86_64-debian-gcc 0.1.0 26.48 189.82 216.30 OK
r-devel-linux-x86_64-fedora-clang 0.1.0 313.74 NOTE
r-devel-linux-x86_64-fedora-gcc 0.1.0 318.40 NOTE
r-devel-windows-ix86+x86_64 0.1.0 75.00 468.00 543.00 OK
r-patched-linux-x86_64 0.1.0 30.46 213.51 243.97 OK
r-patched-solaris-x86 0.1.0 443.80 NOTE
r-release-linux-x86_64 0.1.0 24.01 213.29 237.30 NOTE
r-release-windows-ix86+x86_64 0.1.0 83.00 430.00 513.00 OK
r-release-osx-x86_64 0.1.0 NOTE
r-oldrel-windows-ix86+x86_64 0.1.0 55.00 494.00 549.00 OK
r-oldrel-osx-x86_64 0.1.0 NOTE

Check Details

Version: 0.1.0
Check: dependencies in R code
Result: NOTE
    Namespace in Imports field not imported from: ‘descriptr’
     All declared Imports should be used.
Flavors: r-devel-linux-x86_64-fedora-clang, r-devel-linux-x86_64-fedora-gcc, r-patched-solaris-x86, r-release-osx-x86_64, r-oldrel-osx-x86_64

Version: 0.1.0
Check: package dependencies
Result: NOTE
    Package suggested but not available for checking: ‘vdiffr’
Flavor: r-release-linux-x86_64