CRAN Package Check Results for Package bluebike

Last updated on 2022-07-04 13:50:24 CEST.

Flavor Version Tinstall Tcheck Ttotal Status Flags
r-devel-linux-x86_64-debian-clang 0.0.3 8.52 96.95 105.47 OK
r-devel-linux-x86_64-debian-gcc 0.0.3 7.62 69.76 77.38 OK
r-devel-linux-x86_64-fedora-clang 0.0.3 131.21 NOTE
r-devel-linux-x86_64-fedora-gcc 0.0.3 128.85 NOTE
r-devel-windows-x86_64 0.0.3 25.00 130.00 155.00 OK
r-patched-linux-x86_64 0.0.3 8.58 89.41 97.99 OK
r-release-linux-x86_64 0.0.3 7.80 89.86 97.66 OK
r-release-macos-arm64 0.0.3 51.00 NOTE
r-release-macos-x86_64 0.0.3 67.00 NOTE
r-release-windows-x86_64 0.0.3 19.00 131.00 150.00 OK
r-oldrel-macos-arm64 0.0.3 55.00 NOTE
r-oldrel-macos-x86_64 0.0.3 74.00 NOTE
r-oldrel-windows-ix86+x86_64 0.0.3 21.00 131.00 152.00 OK

Check Details

Version: 0.0.3
Check: data for non-ASCII characters
Result: NOTE
     Note: found 7 marked UTF-8 strings
Flavors: r-devel-linux-x86_64-fedora-clang, r-devel-linux-x86_64-fedora-gcc, r-release-macos-arm64, r-release-macos-x86_64, r-oldrel-macos-arm64, r-oldrel-macos-x86_64