CRAN Package Check Results for Package bmlm

Last updated on 2021-10-17 19:48:26 CEST.

Flavor Version Tinstall Tcheck Ttotal Status Flags
r-devel-linux-x86_64-debian-clang 1.3.12 224.73 98.46 323.19 NOTE
r-devel-linux-x86_64-debian-gcc 1.3.12 194.22 83.30 277.52 NOTE
r-devel-linux-x86_64-fedora-clang 1.3.12 487.10 NOTE
r-devel-linux-x86_64-fedora-gcc 1.3.12 502.27 NOTE
r-devel-windows-x86_64 1.3.12 274.00 153.00 427.00 NOTE
r-devel-windows-x86_64-gcc10-UCRT 1.3.12 NOTE
r-patched-linux-x86_64 1.3.12 185.01 102.96 287.97 NOTE
r-patched-solaris-x86 1.3.12 438.30 NOTE
r-release-linux-x86_64 1.3.12 192.01 102.92 294.93 NOTE
r-release-macos-arm64 1.3.12 NOTE
r-release-macos-x86_64 1.3.12 NOTE
r-release-windows-ix86+x86_64 1.3.12 245.00 147.00 392.00 NOTE
r-oldrel-macos-x86_64 1.3.12 NOTE
r-oldrel-windows-ix86+x86_64 1.3.12 280.00 161.00 441.00 NOTE

Check Details

Version: 1.3.12
Check: for GNU extensions in Makefiles
Result: NOTE
    GNU make is a SystemRequirements.
Flavors: r-devel-linux-x86_64-debian-clang, r-devel-linux-x86_64-debian-gcc, r-devel-linux-x86_64-fedora-clang, r-devel-linux-x86_64-fedora-gcc, r-devel-windows-x86_64, r-devel-windows-x86_64-gcc10-UCRT, r-patched-linux-x86_64, r-patched-solaris-x86, r-release-linux-x86_64, r-release-macos-arm64, r-release-macos-x86_64, r-release-windows-ix86+x86_64, r-oldrel-macos-x86_64, r-oldrel-windows-ix86+x86_64

Version: 1.3.12
Check: installed package size
Result: NOTE
     installed size is 38.5Mb
     sub-directories of 1Mb or more:
     libs 38.1Mb
Flavors: r-devel-linux-x86_64-fedora-clang, r-release-macos-arm64, r-release-macos-x86_64, r-oldrel-macos-x86_64

Version: 1.3.12
Check: dependencies in R code
Result: NOTE
    Namespaces in Imports field not imported from:
     ‘RcppParallel’ ‘rstantools’
     All declared Imports should be used.
Flavors: r-devel-linux-x86_64-fedora-clang, r-devel-linux-x86_64-fedora-gcc, r-devel-windows-x86_64-gcc10-UCRT, r-patched-solaris-x86, r-release-macos-arm64, r-release-macos-x86_64, r-oldrel-macos-x86_64