CRAN Package Check Results for Package bmstdr

Last updated on 2022-10-07 07:50:11 CEST.

Flavor Version Tinstall Tcheck Ttotal Status Flags
r-devel-linux-x86_64-debian-clang 0.3.0 417.84 487.51 905.35 NOTE
r-devel-linux-x86_64-debian-gcc 0.3.0 318.58 385.11 703.69 NOTE
r-devel-linux-x86_64-fedora-clang 0.3.0 1263.03 NOTE
r-devel-linux-x86_64-fedora-gcc 0.3.0 1729.94 NOTE
r-devel-windows-x86_64 0.3.0 311.00 583.00 894.00 NOTE
r-patched-linux-x86_64 0.3.0 366.40 489.39 855.79 NOTE
r-release-linux-x86_64 0.3.0 331.00 491.17 822.17 NOTE
r-release-macos-arm64 0.3.0 370.00 NOTE
r-release-macos-x86_64 0.3.0 521.00 NOTE
r-release-windows-x86_64 0.3.0 320.00 568.00 888.00 NOTE
r-oldrel-macos-arm64 0.3.0 345.00 NOTE
r-oldrel-macos-x86_64 0.3.0 509.00 NOTE
r-oldrel-windows-ix86+x86_64 0.3.0 819.00 704.00 1523.00 NOTE

Check Details

Version: 0.3.0
Check: package dependencies
Result: NOTE
    Package suggested but not available for checking: 'INLA'
Flavors: r-devel-linux-x86_64-debian-clang, r-devel-linux-x86_64-debian-gcc, r-devel-windows-x86_64, r-patched-linux-x86_64, r-release-linux-x86_64, r-release-macos-arm64, r-release-macos-x86_64, r-release-windows-x86_64, r-oldrel-macos-arm64, r-oldrel-macos-x86_64

Version: 0.3.0
Check: for GNU extensions in Makefiles
Result: NOTE
    GNU make is a SystemRequirements.
Flavors: r-devel-linux-x86_64-debian-clang, r-devel-linux-x86_64-debian-gcc, r-devel-linux-x86_64-fedora-clang, r-devel-linux-x86_64-fedora-gcc, r-devel-windows-x86_64, r-patched-linux-x86_64, r-release-linux-x86_64, r-release-macos-arm64, r-release-macos-x86_64, r-release-windows-x86_64, r-oldrel-macos-arm64, r-oldrel-macos-x86_64, r-oldrel-windows-ix86+x86_64

Version: 0.3.0
Check: installed package size
Result: NOTE
     installed size is 12.7Mb
     sub-directories of 1Mb or more:
     doc 4.6Mb
     libs 5.4Mb
Flavors: r-devel-linux-x86_64-fedora-clang, r-devel-windows-x86_64, r-release-macos-arm64, r-release-macos-x86_64, r-release-windows-x86_64, r-oldrel-macos-arm64, r-oldrel-macos-x86_64, r-oldrel-windows-ix86+x86_64