Last updated on 2023-01-28 10:51:22 CET.
Flavor | Version | Tinstall | Tcheck | Ttotal | Status | Flags |
---|---|---|---|---|---|---|
r-devel-linux-x86_64-debian-clang | 1.1.1 | 15.70 | 127.68 | 143.38 | OK | |
r-devel-linux-x86_64-debian-gcc | 1.1.1 | 13.82 | 98.79 | 112.61 | OK | |
r-devel-linux-x86_64-fedora-clang | 1.1.1 | 192.09 | OK | |||
r-devel-linux-x86_64-fedora-gcc | 1.1.1 | 201.84 | OK | |||
r-devel-windows-x86_64 | 1.1.1 | 68.00 | 157.00 | 225.00 | OK | |
r-patched-linux-x86_64 | 1.1.1 | 16.10 | 126.69 | 142.79 | OK | |
r-release-linux-x86_64 | 1.1.1 | 12.56 | 127.26 | 139.82 | OK | |
r-release-macos-arm64 | 1.1.1 | 52.00 | OK | |||
r-release-macos-x86_64 | 1.1.1 | 66.00 | OK | |||
r-release-windows-x86_64 | 1.1.1 | 69.00 | 154.00 | 223.00 | OK | |
r-oldrel-macos-arm64 | 1.1.1 | 49.00 | OK | |||
r-oldrel-macos-x86_64 | 1.1.1 | 69.00 | OK | |||
r-oldrel-windows-ix86+x86_64 | 1.1.1 | 2.00 | 21.00 | 23.00 | ERROR |
Version: 1.1.1
Check: whether package can be installed
Result: ERROR
Installation failed.
Flavor: r-oldrel-windows-ix86+x86_64