CRAN Package Check Results for Package bndesr

Last updated on 2023-06-07 16:55:25 CEST.

Flavor Version Tinstall Tcheck Ttotal Status Flags
r-devel-linux-x86_64-debian-clang 1.0.2 2.63 32.15 34.78 OK
r-devel-linux-x86_64-debian-gcc 1.0.2 1.97 25.17 27.14 OK
r-devel-linux-x86_64-fedora-clang 1.0.3 44.94 NOTE
r-devel-linux-x86_64-fedora-gcc 1.0.3 43.10 NOTE
r-devel-windows-x86_64 1.0.2 4.00 58.00 62.00 OK
r-patched-linux-x86_64 1.0.2 2.82 31.48 34.30 OK
r-release-linux-x86_64 1.0.2 2.78 31.46 34.24 OK
r-release-macos-arm64 1.0.2 31.00 OK
r-release-macos-x86_64 1.0.2 36.00 OK
r-release-windows-x86_64 1.0.2 4.00 62.00 66.00 OK
r-oldrel-macos-arm64 1.0.2 32.00 OK
r-oldrel-macos-x86_64 1.0.2 39.00 OK
r-oldrel-windows-x86_64 1.0.2 4.00 61.00 65.00 OK

Check Details

Version: 1.0.3
Check: dependencies in R code
Result: NOTE
    Namespace in Imports field not imported from: ‘curl’
     All declared Imports should be used.
Flavors: r-devel-linux-x86_64-fedora-clang, r-devel-linux-x86_64-fedora-gcc