CRAN Package Check Results for Package bnlearn

Last updated on 2022-01-22 05:10:11 CET.

Flavor Version Tinstall Tcheck Ttotal Status Flags
r-devel-linux-x86_64-debian-clang 4.7 55.71 112.36 168.07 OK
r-devel-linux-x86_64-debian-gcc 4.7 36.72 83.22 119.94 OK
r-devel-linux-x86_64-fedora-clang 4.7 195.31 OK
r-devel-linux-x86_64-fedora-gcc 4.7 182.46 OK
r-devel-windows-x86_64-new-UL 4.7 290.00 130.00 420.00 OK
r-devel-windows-x86_64-new-TK 4.7 OK
r-patched-linux-x86_64 4.7 49.99 108.49 158.48 OK
r-release-linux-x86_64 4.7 44.35 107.17 151.52 OK
r-release-macos-arm64 4.7 NOTE
r-release-macos-x86_64 4.7 OK
r-release-windows-ix86+x86_64 4.7 141.00 151.00 292.00 OK
r-oldrel-macos-x86_64 4.7 OK
r-oldrel-windows-ix86+x86_64 4.7 142.00 149.00 291.00 OK

Check Details

Version: 4.7
Check: package dependencies
Result: NOTE
    Package suggested but not available for checking: ‘gRain’
Flavor: r-release-macos-arm64