CRAN Package Check Results for Package bnlearn

Last updated on 2020-06-04 02:47:55 CEST.

Flavor Version Tinstall Tcheck Ttotal Status Flags
r-devel-linux-x86_64-debian-clang 4.5 43.24 91.35 134.59 OK
r-devel-linux-x86_64-debian-gcc 4.5 30.68 68.46 99.14 OK
r-devel-linux-x86_64-fedora-clang 4.5 169.95 OK
r-devel-linux-x86_64-fedora-gcc 4.5 157.54 OK
r-devel-windows-ix86+x86_64 4.5 152.00 133.00 285.00 OK
r-patched-linux-x86_64 4.5 33.66 91.13 124.79 OK
r-patched-solaris-x86 4.5 208.20 OK
r-release-linux-x86_64 4.5 34.72 91.23 125.95 OK
r-release-osx-x86_64 4.5 OK
r-release-windows-ix86+x86_64 4.5 126.00 159.00 285.00 OK
r-oldrel-osx-x86_64 4.5 NOTE
r-oldrel-windows-ix86+x86_64 4.5 176.00 106.00 282.00 OK

Additional issues

rchk

Check Details

Version: 4.5
Check: package dependencies
Result: NOTE
    Packages suggested but not available for checking:
     'graph', 'Rgraphviz', 'gRain'
Flavor: r-oldrel-osx-x86_64