CRAN Package Check Results for Package bnlearn

Last updated on 2021-04-20 04:46:58 CEST.

Flavor Version Tinstall Tcheck Ttotal Status Flags
r-devel-linux-x86_64-debian-clang 4.6.1 49.68 103.00 152.68 OK
r-devel-linux-x86_64-debian-gcc 4.6.1 30.28 77.18 107.46 OK
r-devel-linux-x86_64-fedora-clang 4.6.1 189.33 OK
r-devel-linux-x86_64-fedora-gcc 4.6.1 177.76 OK
r-devel-windows-ix86+x86_64 4.6.1 146.00 109.00 255.00 OK
r-devel-windows-x86_64-gcc10-UCRT 4.6.1 NOTE
r-patched-linux-x86_64 4.6.1 39.22 94.14 133.36 OK
r-patched-solaris-x86 4.6.1 238.60 OK
r-release-linux-x86_64 4.6.1 34.62 93.70 128.32 OK
r-release-macos-x86_64 4.6.1 OK
r-release-windows-ix86+x86_64 4.6.1 140.00 143.00 283.00 OK
r-oldrel-macos-x86_64 4.6.1 OK
r-oldrel-windows-ix86+x86_64 4.6.1 110.00 138.00 248.00 OK

Check Details

Version: 4.6.1
Check: package dependencies
Result: NOTE
    Packages suggested but not available for checking: 'Rgraphviz', 'gRain'
Flavor: r-devel-windows-x86_64-gcc10-UCRT