Last updated on 2022-06-25 09:53:38 CEST.
Flavor | Version | Tinstall | Tcheck | Ttotal | Status | Flags |
---|---|---|---|---|---|---|
r-devel-linux-x86_64-debian-clang | 4.7.1 | 49.26 | 111.57 | 160.83 | OK | |
r-devel-linux-x86_64-debian-gcc | 4.7.1 | 39.69 | 82.58 | 122.27 | OK | |
r-devel-linux-x86_64-fedora-clang | 4.7.1 | 204.53 | OK | |||
r-devel-linux-x86_64-fedora-gcc | 4.7.1 | 202.90 | OK | |||
r-devel-windows-x86_64 | 4.7.1 | 217.00 | 126.00 | 343.00 | OK | |
r-patched-linux-x86_64 | 4.7.1 | 44.73 | 103.76 | 148.49 | OK | |
r-release-linux-x86_64 | 4.7.1 | 40.13 | 103.41 | 143.54 | OK | |
r-release-macos-arm64 | 4.7.1 | 53.00 | NOTE | |||
r-release-macos-x86_64 | 4.7.1 | 76.00 | OK | |||
r-release-windows-x86_64 | 4.7.1 | 231.00 | 129.00 | 360.00 | OK | |
r-oldrel-macos-arm64 | 4.7.1 | 49.00 | OK | |||
r-oldrel-macos-x86_64 | 4.7.1 | 76.00 | OK | |||
r-oldrel-windows-ix86+x86_64 | 4.7.1 | 148.00 | 152.00 | 300.00 | OK |
Version: 4.7.1
Check: package dependencies
Result: NOTE
Packages suggested but not available for checking:
'graph', 'Rgraphviz', 'gRain'
Flavor: r-release-macos-arm64