CRAN Package Check Results for Package bnlearn

Last updated on 2020-01-26 11:47:29 CET.

Flavor Version Tinstall Tcheck Ttotal Status Flags
r-devel-linux-x86_64-debian-clang 4.5 46.15 91.09 137.24 NOTE
r-devel-linux-x86_64-debian-gcc 4.5 30.12 68.82 98.94 NOTE
r-devel-linux-x86_64-fedora-clang 4.5 165.39 NOTE
r-devel-linux-x86_64-fedora-gcc 4.5 152.90 NOTE
r-devel-windows-ix86+x86_64 4.5 157.00 162.00 319.00 NOTE
r-devel-windows-ix86+x86_64-gcc8 4.5 149.00 156.00 305.00 NOTE
r-patched-linux-x86_64 4.5 29.97 81.72 111.69 NOTE
r-patched-solaris-x86 4.5 186.40 NOTE
r-release-linux-x86_64 4.5 31.52 80.68 112.20 NOTE
r-release-windows-ix86+x86_64 4.5 123.00 109.00 232.00 NOTE
r-release-osx-x86_64 4.5 NOTE
r-oldrel-windows-ix86+x86_64 4.5 128.00 105.00 233.00 OK
r-oldrel-osx-x86_64 4.5 OK

Additional issues

rchk

Check Details

Version: 4.5
Check: dependencies in R code
Result: NOTE
    Missing or unexported object: 'gRain::grain.CPTspec'
Flavors: r-devel-linux-x86_64-debian-clang, r-devel-linux-x86_64-debian-gcc, r-devel-linux-x86_64-fedora-clang, r-devel-linux-x86_64-fedora-gcc, r-devel-windows-ix86+x86_64, r-devel-windows-ix86+x86_64-gcc8, r-patched-linux-x86_64, r-patched-solaris-x86, r-release-linux-x86_64, r-release-windows-ix86+x86_64

Version: 4.5
Check: package dependencies
Result: NOTE
    Packages suggested but not available for checking:
     'graph', 'Rgraphviz', 'gRain'
Flavor: r-release-osx-x86_64