CRAN Package Check Results for Package bnlearn

Last updated on 2020-08-09 16:47:46 CEST.

Flavor Version Tinstall Tcheck Ttotal Status Flags
r-devel-linux-x86_64-debian-clang 4.5 43.53 91.26 134.79 OK
r-devel-linux-x86_64-debian-gcc 4.5 31.26 68.29 99.55 OK
r-devel-linux-x86_64-fedora-clang 4.5 172.11 OK
r-devel-linux-x86_64-fedora-gcc 4.5 161.56 OK
r-devel-windows-ix86+x86_64 4.5 150.00 151.00 301.00 OK
r-patched-linux-x86_64 4.5 34.75 91.01 125.76 OK
r-patched-solaris-x86 4.5 202.70 OK
r-release-linux-x86_64 4.5 33.65 91.32 124.97 OK
r-release-macos-x86_64 4.5 OK
r-release-windows-ix86+x86_64 4.5 126.00 114.00 240.00 OK
r-oldrel-macos-x86_64 4.5 NOTE
r-oldrel-windows-ix86+x86_64 4.5 118.00 146.00 264.00 OK

Additional issues

rchk

Check Details

Version: 4.5
Check: package dependencies
Result: NOTE
    Packages suggested but not available for checking:
     'graph', 'Rgraphviz', 'gRain'
Flavor: r-oldrel-macos-x86_64