CRAN Package Check Results for Package bnlearn

Last updated on 2020-03-29 10:47:04 CEST.

Flavor Version Tinstall Tcheck Ttotal Status Flags
r-devel-linux-x86_64-debian-clang 4.5 OK
r-devel-linux-x86_64-debian-gcc 4.5 29.61 68.78 98.39 OK
r-devel-linux-x86_64-fedora-clang 4.5 163.74 OK
r-devel-linux-x86_64-fedora-gcc 4.5 153.02 OK
r-devel-windows-ix86+x86_64 4.5 114.00 109.00 223.00 OK
r-devel-windows-ix86+x86_64-gcc8 4.5 125.00 118.00 243.00 OK
r-patched-linux-x86_64 4.5 34.50 88.79 123.29 OK
r-patched-solaris-x86 4.5 197.70 OK
r-release-linux-x86_64 4.5 32.09 80.88 112.97 OK
r-release-windows-ix86+x86_64 4.5 146.00 150.00 296.00 OK
r-release-osx-x86_64 4.5 NOTE
r-oldrel-windows-ix86+x86_64 4.5 167.00 138.00 305.00 OK
r-oldrel-osx-x86_64 4.5 OK

Additional issues

rchk

Check Details

Version: 4.5
Check: package dependencies
Result: NOTE
    Packages suggested but not available for checking:
     'graph', 'Rgraphviz', 'gRain'
Flavor: r-release-osx-x86_64