CRAN Package Check Results for Package bnormnlr

Last updated on 2020-07-04 14:48:08 CEST.

Flavor Version Tinstall Tcheck Ttotal Status Flags
r-devel-linux-x86_64-debian-clang 1.0 2.33 63.83 66.16 NOTE
r-devel-linux-x86_64-debian-gcc 1.0 1.79 43.98 45.77 NOTE
r-devel-linux-x86_64-fedora-clang 1.0 81.44 NOTE
r-devel-linux-x86_64-fedora-gcc 1.0 72.80 NOTE
r-devel-windows-ix86+x86_64 1.0 9.00 104.00 113.00 NOTE
r-patched-linux-x86_64 1.0 2.14 61.61 63.75 NOTE
r-patched-solaris-x86 1.0 94.30 NOTE
r-release-linux-x86_64 1.0 2.03 60.74 62.77 NOTE
r-release-osx-x86_64 1.0 NOTE
r-release-windows-ix86+x86_64 1.0 5.00 75.00 80.00 NOTE
r-oldrel-osx-x86_64 1.0 NOTE
r-oldrel-windows-ix86+x86_64 1.0 4.00 96.00 100.00 NOTE

Check Details

Version: 1.0
Check: R code for possible problems
Result: NOTE
    bnlr: no visible global function definition for 'dnorm'
    bnlr: no visible global function definition for 'runif'
    chainsum : <anonymous>: no visible global function definition for
     'quantile'
    infocrit: no visible global function definition for 'dnorm'
    Undefined global functions or variables:
     dnorm quantile runif
    Consider adding
     importFrom("stats", "dnorm", "quantile", "runif")
    to your NAMESPACE file.
Flavors: r-devel-linux-x86_64-debian-clang, r-devel-linux-x86_64-debian-gcc, r-devel-linux-x86_64-fedora-clang, r-devel-linux-x86_64-fedora-gcc, r-devel-windows-ix86+x86_64, r-patched-linux-x86_64, r-patched-solaris-x86, r-release-linux-x86_64, r-release-osx-x86_64, r-release-windows-ix86+x86_64, r-oldrel-osx-x86_64, r-oldrel-windows-ix86+x86_64