CRAN Package Check Results for Package bnormnlr

Last updated on 2020-09-19 11:50:50 CEST.

Flavor Version Tinstall Tcheck Ttotal Status Flags
r-devel-linux-x86_64-debian-clang 1.0 2.34 64.44 66.78 NOTE
r-devel-linux-x86_64-debian-gcc 1.0 1.74 44.53 46.27 NOTE
r-devel-linux-x86_64-fedora-clang 1.0 82.07 NOTE
r-devel-linux-x86_64-fedora-gcc 1.0 74.06 NOTE
r-devel-windows-ix86+x86_64 1.0 5.00 91.00 96.00 NOTE
r-patched-linux-x86_64 1.0 2.00 60.86 62.86 NOTE
r-patched-solaris-x86 1.0 99.40 NOTE
r-release-linux-x86_64 1.0 2.40 61.16 63.56 NOTE
r-release-macos-x86_64 1.0 NOTE
r-release-windows-ix86+x86_64 1.0 4.00 63.00 67.00 NOTE
r-oldrel-macos-x86_64 1.0 NOTE
r-oldrel-windows-ix86+x86_64 1.0 3.00 83.00 86.00 NOTE

Check Details

Version: 1.0
Check: R code for possible problems
Result: NOTE
    bnlr: no visible global function definition for 'dnorm'
    bnlr: no visible global function definition for 'runif'
    chainsum : <anonymous>: no visible global function definition for
     'quantile'
    infocrit: no visible global function definition for 'dnorm'
    Undefined global functions or variables:
     dnorm quantile runif
    Consider adding
     importFrom("stats", "dnorm", "quantile", "runif")
    to your NAMESPACE file.
Flavors: r-devel-linux-x86_64-debian-clang, r-devel-linux-x86_64-debian-gcc, r-devel-linux-x86_64-fedora-clang, r-devel-linux-x86_64-fedora-gcc, r-devel-windows-ix86+x86_64, r-patched-linux-x86_64, r-patched-solaris-x86, r-release-linux-x86_64, r-release-macos-x86_64, r-release-windows-ix86+x86_64, r-oldrel-macos-x86_64, r-oldrel-windows-ix86+x86_64