CRAN Package Check Results for Package bookdownplus

Last updated on 2019-10-18 18:47:47 CEST.

Flavor Version Tinstall Tcheck Ttotal Status Flags
r-devel-linux-x86_64-debian-clang 1.5.7 2.87 25.45 28.32 NOTE
r-devel-linux-x86_64-debian-gcc 1.5.7 2.54 20.61 23.15 NOTE
r-devel-linux-x86_64-fedora-clang 1.5.7 36.50 NOTE
r-devel-linux-x86_64-fedora-gcc 1.5.7 35.31 NOTE
r-devel-windows-ix86+x86_64 1.5.7 12.00 41.00 53.00 OK
r-patched-linux-x86_64 1.5.7 2.27 25.10 27.37 OK
r-patched-solaris-x86 1.5.7 58.90 OK
r-release-linux-x86_64 1.5.7 2.70 25.87 28.57 OK
r-release-windows-ix86+x86_64 1.5.7 7.00 44.00 51.00 OK
r-release-osx-x86_64 1.5.7 OK
r-oldrel-windows-ix86+x86_64 1.5.7 5.00 40.00 45.00 OK
r-oldrel-osx-x86_64 1.5.7 NOTE

Check Details

Version: 1.5.7
Check: for non-standard things in the check directory
Result: NOTE
    Found the following files/directories:
     'body.Rmd' 'index.Rmd' 'rmd' 'style' 'tex'
Flavors: r-devel-linux-x86_64-debian-clang, r-devel-linux-x86_64-debian-gcc, r-devel-linux-x86_64-fedora-clang, r-devel-linux-x86_64-fedora-gcc

Version: 1.5.7
Check: Rd cross-references
Result: NOTE
    Package unavailable to check Rd xrefs: ‘rosr’
Flavor: r-oldrel-osx-x86_64