CRAN Package Check Results for Package boomer

Last updated on 2021-10-24 10:49:36 CEST.

Flavor Version Tinstall Tcheck Ttotal Status Flags
r-devel-linux-x86_64-debian-clang 0.1.0 2.35 43.67 46.02 OK
r-devel-linux-x86_64-debian-gcc 0.1.0 2.23 33.40 35.63 OK
r-devel-linux-x86_64-fedora-clang 0.1.0 65.07 NOTE
r-devel-linux-x86_64-fedora-gcc 0.1.0 53.66 NOTE
r-devel-windows-x86_64 0.1.0 5.00 76.00 81.00 OK
r-devel-windows-x86_64-gcc10-UCRT 0.1.0 NOTE
r-patched-linux-x86_64 0.1.0 2.82 41.97 44.79 OK
r-patched-solaris-x86 0.1.0 77.20 NOTE
r-release-linux-x86_64 0.1.0 2.64 41.49 44.13 OK
r-release-macos-arm64 0.1.0 NOTE
r-release-macos-x86_64 0.1.0 NOTE
r-release-windows-ix86+x86_64 0.1.0 6.00 63.00 69.00 OK
r-oldrel-macos-x86_64 0.1.0 NOTE
r-oldrel-windows-ix86+x86_64 0.1.0 7.00 61.00 68.00 OK

Check Details

Version: 0.1.0
Check: dependencies in R code
Result: NOTE
    Namespace in Imports field not imported from: ‘pryr’
     All declared Imports should be used.
Flavors: r-devel-linux-x86_64-fedora-clang, r-devel-linux-x86_64-fedora-gcc, r-devel-windows-x86_64-gcc10-UCRT, r-patched-solaris-x86, r-release-macos-arm64, r-release-macos-x86_64, r-oldrel-macos-x86_64