CRAN Package Check Results for Package bootComb

Last updated on 2021-04-21 19:46:48 CEST.

Flavor Version Tinstall Tcheck Ttotal Status Flags
r-devel-linux-x86_64-debian-clang 1.0.1 2.62 26.06 28.68 NOTE
r-devel-linux-x86_64-debian-gcc 1.0.1 1.96 20.75 22.71 NOTE
r-devel-linux-x86_64-fedora-clang 1.0.1 44.03 NOTE
r-devel-linux-x86_64-fedora-gcc 1.0.1 34.45 NOTE
r-devel-windows-ix86+x86_64 1.0.1 6.00 41.00 47.00 NOTE
r-devel-windows-x86_64-gcc10-UCRT 1.0.1 NOTE
r-patched-linux-x86_64 1.0.1 3.25 25.07 28.32 OK
r-patched-solaris-x86 1.0.1 51.20 OK
r-release-linux-x86_64 1.0.1 2.81 25.23 28.04 OK
r-release-macos-x86_64 1.0.1 OK
r-release-windows-ix86+x86_64 1.0.1 6.00 44.00 50.00 OK
r-oldrel-macos-x86_64 1.0.1 OK
r-oldrel-windows-ix86+x86_64 1.0.1 4.00 42.00 46.00 OK

Check Details

Version: 1.0.1
Check: LazyData
Result: NOTE
     'LazyData' is specified without a 'data' directory
Flavors: r-devel-linux-x86_64-debian-clang, r-devel-linux-x86_64-debian-gcc, r-devel-linux-x86_64-fedora-clang, r-devel-linux-x86_64-fedora-gcc, r-devel-windows-ix86+x86_64, r-devel-windows-x86_64-gcc10-UCRT