Last updated on 2021-04-21 20:49:34 CEST.
Flavor | Version | Tinstall | Tcheck | Ttotal | Status | Flags |
---|---|---|---|---|---|---|
r-devel-linux-x86_64-debian-clang | 1.0.2 | 2.51 | 77.51 | 80.02 | NOTE | |
r-devel-linux-x86_64-debian-gcc | 1.0.2 | 1.95 | 56.06 | 58.01 | NOTE | |
r-devel-linux-x86_64-fedora-clang | 1.0.2 | 99.01 | NOTE | |||
r-devel-linux-x86_64-fedora-gcc | 1.0.2 | 94.79 | NOTE | |||
r-devel-windows-ix86+x86_64 | 1.0.2 | 5.00 | 102.00 | 107.00 | NOTE | |
r-devel-windows-x86_64-gcc10-UCRT | 1.0.2 | NOTE | ||||
r-patched-linux-x86_64 | 1.0.2 | 2.68 | 74.00 | 76.68 | OK | |
r-patched-solaris-x86 | 1.0.2 | 155.30 | OK | |||
r-release-linux-x86_64 | 1.0.2 | 2.55 | 75.13 | 77.68 | OK | |
r-release-macos-x86_64 | 1.0.2 | OK | ||||
r-release-windows-ix86+x86_64 | 1.0.2 | 5.00 | 88.00 | 93.00 | OK | |
r-oldrel-macos-x86_64 | 1.0.2 | OK | ||||
r-oldrel-windows-ix86+x86_64 | 1.0.2 | 3.00 | 99.00 | 102.00 | OK |
Version: 1.0.2
Check: LazyData
Result: NOTE
'LazyData' is specified without a 'data' directory
Flavors: r-devel-linux-x86_64-debian-clang, r-devel-linux-x86_64-debian-gcc, r-devel-linux-x86_64-fedora-clang, r-devel-linux-x86_64-fedora-gcc, r-devel-windows-ix86+x86_64, r-devel-windows-x86_64-gcc10-UCRT