CRAN Package Check Results for Package bootStepAIC

Last updated on 2020-04-09 22:50:15 CEST.

Flavor Version Tinstall Tcheck Ttotal Status Flags
r-devel-linux-x86_64-debian-clang 1.2-0 2.18 32.68 34.86 NOTE
r-devel-linux-x86_64-debian-gcc 1.2-0 1.74 25.62 27.36 NOTE
r-devel-linux-x86_64-fedora-clang 1.2-0 41.75 NOTE
r-devel-linux-x86_64-fedora-gcc 1.2-0 41.57 NOTE
r-devel-windows-ix86+x86_64 1.2-0 5.00 63.00 68.00 NOTE
r-devel-windows-ix86+x86_64-gcc8 1.2-0 5.00 45.00 50.00 NOTE
r-patched-linux-x86_64 1.2-0 2.13 32.26 34.39 NOTE
r-patched-osx-x86_64 1.2-0 NOTE
r-patched-solaris-x86 1.2-0 64.30 NOTE
r-release-linux-x86_64 1.2-0 1.74 30.34 32.08 NOTE
r-release-windows-ix86+x86_64 1.2-0 4.00 60.00 64.00 NOTE
r-release-osx-x86_64 1.2-0 NOTE
r-oldrel-windows-ix86+x86_64 1.2-0 4.00 57.00 61.00 NOTE
r-oldrel-osx-x86_64 1.2-0 NOTE

Check Details

Version: 1.2-0
Check: R code for possible problems
Result: NOTE
    boot.stepAIC: no visible global function definition for 'update'
    boot.stepAIC: no visible binding for global variable 'coef'
    boot.stepAIC : <anonymous>: no visible global function definition for
     'anova'
    boot.stepAIC: no visible global function definition for 'pnorm'
    Undefined global functions or variables:
     anova coef pnorm update
    Consider adding
     importFrom("stats", "anova", "coef", "pnorm", "update")
    to your NAMESPACE file.
Flavors: r-devel-linux-x86_64-debian-clang, r-devel-linux-x86_64-debian-gcc, r-devel-linux-x86_64-fedora-clang, r-devel-linux-x86_64-fedora-gcc, r-devel-windows-ix86+x86_64, r-devel-windows-ix86+x86_64-gcc8, r-patched-linux-x86_64, r-patched-osx-x86_64, r-patched-solaris-x86, r-release-linux-x86_64, r-release-windows-ix86+x86_64, r-release-osx-x86_64, r-oldrel-windows-ix86+x86_64, r-oldrel-osx-x86_64