CRAN Package Check Results for Package bootnet

Last updated on 2021-12-03 21:50:24 CET.

Flavor Version Tinstall Tcheck Ttotal Status Flags
r-devel-linux-x86_64-debian-clang 1.5 18.11 151.05 169.16 OK
r-devel-linux-x86_64-debian-gcc 1.5 11.57 113.39 124.96 OK
r-devel-linux-x86_64-fedora-clang 1.5 214.08 NOTE
r-devel-linux-x86_64-fedora-gcc 1.5 203.11 OK
r-devel-windows-x86_64-new-UL 1.5 30.00 198.00 228.00 OK
r-devel-windows-x86_64-new-TK 1.5 OK
r-devel-windows-x86_64-old 1.5 21.00 131.00 152.00 OK
r-patched-linux-x86_64 1.5 14.43 141.30 155.73 OK
r-release-linux-x86_64 1.5 13.84 142.74 156.58 OK
r-release-macos-arm64 1.5 OK
r-release-macos-x86_64 1.5 OK
r-release-windows-ix86+x86_64 1.5 44.00 176.00 220.00 OK
r-oldrel-macos-x86_64 1.5 OK
r-oldrel-windows-ix86+x86_64 1.5 46.00 179.00 225.00 OK

Check Details

Version: 1.5
Check: Rd cross-references
Result: NOTE
    Undeclared package ‘psych’ in Rd xrefs
Flavor: r-devel-linux-x86_64-fedora-clang