CRAN Package Check Results for Package boottol

Last updated on 2020-05-26 08:49:14 CEST.

Flavor Version Tinstall Tcheck Ttotal Status Flags
r-devel-linux-x86_64-debian-clang 2.0 2.38 30.41 32.79 NOTE
r-devel-linux-x86_64-debian-gcc 2.0 2.15 24.37 26.52 NOTE
r-devel-linux-x86_64-fedora-clang 2.0 40.26 NOTE
r-devel-linux-x86_64-fedora-gcc 2.0 39.60 NOTE
r-devel-windows-ix86+x86_64 2.0 11.00 60.00 71.00 NOTE
r-patched-linux-x86_64 2.0 2.56 30.12 32.68 NOTE
r-patched-solaris-x86 2.0 60.20 NOTE
r-release-linux-x86_64 2.0 2.78 30.02 32.80 NOTE
r-release-osx-x86_64 2.0 NOTE
r-release-windows-ix86+x86_64 2.0 8.00 68.00 76.00 NOTE
r-oldrel-osx-x86_64 2.0 NOTE
r-oldrel-windows-ix86+x86_64 2.0 6.00 59.00 65.00 NOTE

Check Details

Version: 2.0
Check: R code for possible problems
Result: NOTE
    boottol: no visible global function definition for 'setNames'
    boottol : shift: no visible global function definition for 'tail'
    boottol : shift: no visible global function definition for 'head'
    boottol: no visible global function definition for 'na.omit'
    vastol: no visible global function definition for 'setNames'
    vastol: no visible global function definition for 'na.omit'
    Undefined global functions or variables:
     head na.omit setNames tail
    Consider adding
     importFrom("stats", "na.omit", "setNames")
     importFrom("utils", "head", "tail")
    to your NAMESPACE file.
Flavors: r-devel-linux-x86_64-debian-clang, r-devel-linux-x86_64-debian-gcc, r-devel-linux-x86_64-fedora-clang, r-devel-linux-x86_64-fedora-gcc, r-devel-windows-ix86+x86_64, r-patched-linux-x86_64, r-patched-solaris-x86, r-release-linux-x86_64, r-release-osx-x86_64, r-release-windows-ix86+x86_64, r-oldrel-osx-x86_64, r-oldrel-windows-ix86+x86_64