CRAN Package Check Results for Package boottol

Last updated on 2019-10-20 08:47:13 CEST.

Flavor Version Tinstall Tcheck Ttotal Status Flags
r-devel-linux-x86_64-debian-clang 2.0 2.57 28.47 31.04 NOTE
r-devel-linux-x86_64-debian-gcc 2.0 1.88 22.56 24.44 NOTE
r-devel-linux-x86_64-fedora-clang 2.0 37.41 NOTE
r-devel-linux-x86_64-fedora-gcc 2.0 38.41 NOTE
r-devel-windows-ix86+x86_64 2.0 6.00 43.00 49.00 NOTE
r-patched-linux-x86_64 2.0 2.06 27.47 29.53 NOTE
r-patched-solaris-x86 2.0 57.50 NOTE
r-release-linux-x86_64 2.0 2.27 28.07 30.34 NOTE
r-release-windows-ix86+x86_64 2.0 9.00 43.00 52.00 NOTE
r-release-osx-x86_64 2.0 NOTE
r-oldrel-windows-ix86+x86_64 2.0 3.00 39.00 42.00 NOTE
r-oldrel-osx-x86_64 2.0 NOTE

Check Details

Version: 2.0
Check: R code for possible problems
Result: NOTE
    boottol: no visible global function definition for 'setNames'
    boottol : shift: no visible global function definition for 'tail'
    boottol : shift: no visible global function definition for 'head'
    boottol: no visible global function definition for 'na.omit'
    vastol: no visible global function definition for 'setNames'
    vastol: no visible global function definition for 'na.omit'
    Undefined global functions or variables:
     head na.omit setNames tail
    Consider adding
     importFrom("stats", "na.omit", "setNames")
     importFrom("utils", "head", "tail")
    to your NAMESPACE file.
Flavors: r-devel-linux-x86_64-debian-clang, r-devel-linux-x86_64-debian-gcc, r-devel-linux-x86_64-fedora-clang, r-devel-linux-x86_64-fedora-gcc, r-devel-windows-ix86+x86_64, r-patched-linux-x86_64, r-patched-solaris-x86, r-release-linux-x86_64, r-release-windows-ix86+x86_64, r-release-osx-x86_64, r-oldrel-windows-ix86+x86_64, r-oldrel-osx-x86_64