CRAN Package Check Results for Package boral

Last updated on 2020-06-01 03:51:47 CEST.

Flavor Version Tinstall Tcheck Ttotal Status Flags
r-devel-linux-x86_64-debian-clang 1.8 9.50 62.76 72.26 WARN
r-devel-linux-x86_64-debian-gcc 1.8 8.55 48.85 57.40 WARN
r-devel-linux-x86_64-fedora-clang 1.8 94.70 WARN
r-devel-linux-x86_64-fedora-gcc 1.8 90.68 WARN
r-devel-windows-ix86+x86_64 1.8 20.00 78.00 98.00 WARN
r-patched-linux-x86_64 1.8 11.72 62.48 74.20 OK
r-patched-solaris-x86 1.8 120.90 OK
r-release-linux-x86_64 1.8 11.83 62.18 74.01 OK
r-release-osx-x86_64 1.8 OK
r-release-windows-ix86+x86_64 1.8 20.00 103.00 123.00 OK
r-oldrel-osx-x86_64 1.8 OK
r-oldrel-windows-ix86+x86_64 1.8 14.00 73.00 87.00 OK

Check Details

Version: 1.8
Check: whether package can be installed
Result: WARN
    Found the following significant warnings:
     Warning: S4 exports specified in 'NAMESPACE' but not defined in package 'boral'
Flavors: r-devel-linux-x86_64-debian-clang, r-devel-windows-ix86+x86_64

Version: 1.8
Check: whether the namespace can be loaded with stated dependencies
Result: NOTE
    Warning: S4 exports specified in 'NAMESPACE' but not defined in package 'boral'
    
    A namespace must be able to be loaded with just the base namespace
    loaded: otherwise if the namespace gets loaded by a saved object, the
    session will be unable to start.
    
    Probably some imports need to be declared in the NAMESPACE file.
Flavors: r-devel-linux-x86_64-debian-clang, r-devel-windows-ix86+x86_64

Version: 1.8
Check: whether the namespace can be loaded with stated dependencies
Result: WARN
    Warning: S4 exports specified in 'NAMESPACE' but not defined in package ‘boral’
Flavors: r-devel-linux-x86_64-debian-gcc, r-devel-linux-x86_64-fedora-clang, r-devel-linux-x86_64-fedora-gcc