CRAN Package Check Results for Package boral

Last updated on 2019-10-22 05:47:10 CEST.

Flavor Version Tinstall Tcheck Ttotal Status Flags
r-devel-linux-x86_64-debian-clang 1.7 8.15 50.25 58.40 NOTE
r-devel-linux-x86_64-debian-gcc 1.7 7.13 38.91 46.04 NOTE
r-devel-linux-x86_64-fedora-clang 1.7 72.68 NOTE
r-devel-linux-x86_64-fedora-gcc 1.7 69.07 NOTE
r-devel-windows-ix86+x86_64 1.7 12.00 61.00 73.00 OK
r-patched-linux-x86_64 1.7 6.75 49.71 56.46 OK
r-patched-solaris-x86 1.7 97.10 OK
r-release-linux-x86_64 1.7 6.87 50.04 56.91 OK
r-release-windows-ix86+x86_64 1.7 16.00 62.00 78.00 OK
r-release-osx-x86_64 1.7 OK
r-oldrel-windows-ix86+x86_64 1.7 8.00 58.00 66.00 OK
r-oldrel-osx-x86_64 1.7 OK

Check Details

Version: 1.7
Check: for non-standard things in the check directory
Result: NOTE
    Found the following files/directories:
     'jagsboralmodel.txt' 'myawesomeordmodel.txt'
     'myawesomeordnullmodel.txt'
Flavors: r-devel-linux-x86_64-debian-clang, r-devel-linux-x86_64-debian-gcc, r-devel-linux-x86_64-fedora-clang, r-devel-linux-x86_64-fedora-gcc