Last updated on 2023-12-07 20:48:32 CET.
Flavor | Version | Tinstall | Tcheck | Ttotal | Status | Flags |
---|---|---|---|---|---|---|
r-devel-linux-x86_64-debian-clang | 0.2 | 2.23 | 24.63 | 26.86 | NOTE | |
r-devel-linux-x86_64-debian-gcc | 0.2 | 1.73 | 19.77 | 21.50 | NOTE | |
r-devel-linux-x86_64-fedora-clang | 0.3 | 35.08 | OK | |||
r-devel-linux-x86_64-fedora-gcc | 0.3 | 33.41 | OK | |||
r-devel-windows-x86_64 | 0.2 | 2.00 | 45.00 | 47.00 | OK | |
r-patched-linux-x86_64 | 0.2 | 2.31 | 24.77 | 27.08 | OK | |
r-release-linux-x86_64 | 0.2 | 2.24 | 24.66 | 26.90 | OK | |
r-release-macos-arm64 | 0.3 | 30.00 | OK | |||
r-release-macos-x86_64 | 0.3 | 37.00 | OK | |||
r-release-windows-x86_64 | 0.3 | 5.00 | 45.00 | 50.00 | OK | |
r-oldrel-macos-arm64 | 0.3 | 20.00 | OK | |||
r-oldrel-macos-x86_64 | 0.2 | 25.00 | OK | |||
r-oldrel-windows-x86_64 | 0.2 | 3.00 | 48.00 | 51.00 | OK |
Version: 0.2
Check: Rd files
Result: NOTE
checkRd: (-1) boxplotcluster.Rd:92: Lost braces in \itemize; meant \describe ?
checkRd: (-1) boxplotcluster.Rd:93-95: Lost braces in \itemize; meant \describe ?
checkRd: (-1) boxplotcluster.Rd:96: Lost braces in \itemize; meant \describe ?
checkRd: (-1) boxplotcluster.Rd:97: Lost braces in \itemize; meant \describe ?
Flavors: r-devel-linux-x86_64-debian-clang, r-devel-linux-x86_64-debian-gcc