CRAN Package Check Results for Package boxr

Last updated on 2020-07-12 14:47:30 CEST.

Flavor Version Tinstall Tcheck Ttotal Status Flags
r-devel-linux-x86_64-debian-clang 0.3.5 4.42 37.18 41.60 OK
r-devel-linux-x86_64-debian-gcc 0.3.5 3.67 29.46 33.13 OK
r-devel-linux-x86_64-fedora-clang 0.3.5 58.56 NOTE
r-devel-linux-x86_64-fedora-gcc 0.3.5 50.83 OK
r-devel-windows-ix86+x86_64 0.3.5 10.00 68.00 78.00 OK
r-patched-linux-x86_64 0.3.5 4.75 37.10 41.85 OK
r-patched-solaris-x86 0.3.5 70.10 OK
r-release-linux-x86_64 0.3.5 4.34 37.28 41.62 OK
r-release-macos-x86_64 0.3.5 OK
r-release-windows-ix86+x86_64 0.3.5 15.00 52.00 67.00 OK
r-oldrel-macos-x86_64 0.3.5 OK
r-oldrel-windows-ix86+x86_64 0.3.5 9.00 49.00 58.00 OK

Check Details

Version: 0.3.5
Check: Rd cross-references
Result: NOTE
    Undeclared packages ‘data.table’, ‘readxl’, ‘openxlsx’ in Rd xrefs
Flavor: r-devel-linux-x86_64-fedora-clang