CRAN Package Check Results for Package bpca

Last updated on 2019-10-14 05:46:52 CEST.

Flavor Version Tinstall Tcheck Ttotal Status Flags
r-devel-linux-x86_64-debian-clang 1.3-0 4.40 40.98 45.38 OK
r-devel-linux-x86_64-debian-gcc 1.3-0 3.94 33.15 37.09 OK
r-devel-linux-x86_64-fedora-clang 1.3-0 57.27 OK
r-devel-linux-x86_64-fedora-gcc 1.3-0 56.12 OK
r-devel-windows-ix86+x86_64 1.3-0 15.00 67.00 82.00 OK
r-patched-linux-x86_64 1.3-0 4.14 41.11 45.25 OK
r-patched-solaris-x86 1.3-0 82.10 OK
r-release-linux-x86_64 1.3-0 4.14 40.94 45.08 OK
r-release-windows-ix86+x86_64 1.3-0 16.00 85.00 101.00 OK
r-release-osx-x86_64 1.3-0 WARN
r-oldrel-windows-ix86+x86_64 1.3-0 8.00 64.00 72.00 OK
r-oldrel-osx-x86_64 1.3-0 WARN

Check Details

Version: 1.3-0
Check: whether package can be installed
Result: WARN
    Found the following significant warnings:
     Warning: 'rgl_init' failed, running with rgl.useNULL = TRUE
Flavors: r-release-osx-x86_64, r-oldrel-osx-x86_64