CRAN Package Check Results for Package bpca

Last updated on 2019-07-16 07:50:38 CEST.

Flavor Version Tinstall Tcheck Ttotal Status Flags
r-devel-linux-x86_64-debian-clang 1.3-0 3.93 40.38 44.31 OK
r-devel-linux-x86_64-debian-gcc 1.3-0 3.64 33.24 36.88 OK
r-devel-linux-x86_64-fedora-clang 1.3-0 54.92 OK
r-devel-linux-x86_64-fedora-gcc 1.3-0 54.97 OK
r-devel-windows-ix86+x86_64 1.3-0 15.00 103.00 118.00 OK
r-patched-linux-x86_64 1.3-0 5.00 40.91 45.91 OK
r-patched-solaris-x86 1.3-0 85.20 OK
r-release-linux-x86_64 1.3-0 4.52 40.48 45.00 OK
r-release-windows-ix86+x86_64 1.3-0 11.00 167.00 178.00 OK
r-release-osx-x86_64 1.3-0 WARN
r-oldrel-windows-ix86+x86_64 1.3-0 11.00 62.00 73.00 OK
r-oldrel-osx-x86_64 1.3-0 WARN

Check Details

Version: 1.3-0
Check: whether package can be installed
Result: WARN
    Found the following significant warnings:
     Warning: 'rgl_init' failed, running with rgl.useNULL = TRUE
Flavors: r-release-osx-x86_64, r-oldrel-osx-x86_64