CRAN Package Check Results for Package bpcs

Last updated on 2021-02-26 22:47:16 CET.

Flavor Version Tinstall Tcheck Ttotal Status Flags
r-devel-linux-x86_64-debian-clang 1.0.0 249.87 121.73 371.60 NOTE
r-devel-linux-x86_64-debian-gcc 1.0.0 211.44 100.84 312.28 NOTE
r-devel-linux-x86_64-fedora-clang 1.0.0 534.01 NOTE
r-devel-linux-x86_64-fedora-gcc 1.0.0 520.29 NOTE
r-devel-windows-ix86+x86_64 1.0.0 379.00 195.00 574.00 NOTE
r-patched-linux-x86_64 1.0.0 200.35 126.43 326.78 NOTE
r-patched-solaris-x86 1.0.0 506.40 NOTE
r-release-linux-x86_64 1.0.0 179.23 127.50 306.73 NOTE
r-release-macos-x86_64 1.0.0 NOTE
r-release-windows-ix86+x86_64 1.0.0 536.00 277.00 813.00 NOTE
r-oldrel-macos-x86_64 1.0.0 ERROR

Additional issues

clang-UBSAN

Check Details

Version: 1.0.0
Check: for GNU extensions in Makefiles
Result: NOTE
    GNU make is a SystemRequirements.
Flavors: r-devel-linux-x86_64-debian-clang, r-devel-linux-x86_64-debian-gcc, r-devel-linux-x86_64-fedora-clang, r-devel-linux-x86_64-fedora-gcc, r-devel-windows-ix86+x86_64, r-patched-linux-x86_64, r-patched-solaris-x86, r-release-linux-x86_64, r-release-macos-x86_64, r-release-windows-ix86+x86_64

Version: 1.0.0
Check: installed package size
Result: NOTE
     installed size is 46.8Mb
     sub-directories of 1Mb or more:
     libs 46.0Mb
Flavors: r-devel-linux-x86_64-fedora-clang, r-devel-windows-ix86+x86_64, r-release-macos-x86_64, r-release-windows-ix86+x86_64

Version: 1.0.0
Check: data for non-ASCII characters
Result: NOTE
     Note: found 1448 marked UTF-8 strings
Flavors: r-devel-linux-x86_64-fedora-clang, r-devel-linux-x86_64-fedora-gcc, r-patched-solaris-x86, r-release-macos-x86_64

Version: 1.0.0
Check: whether package can be installed
Result: ERROR
    Installation failed.
Flavor: r-oldrel-macos-x86_64