Last updated on 2022-07-03 21:52:58 CEST.
Flavor | Version | Tinstall | Tcheck | Ttotal | Status | Flags |
---|---|---|---|---|---|---|
r-devel-linux-x86_64-debian-clang | 2.0.2 | 91.81 | 75.93 | 167.74 | OK | |
r-devel-linux-x86_64-debian-gcc | 2.0.2 | 74.71 | 54.54 | 129.25 | OK | |
r-devel-linux-x86_64-fedora-clang | 2.0.2 | 238.54 | OK | |||
r-devel-linux-x86_64-fedora-gcc | 2.0.2 | 214.40 | OK | |||
r-devel-windows-x86_64 | 2.0.2 | 89.00 | 125.00 | 214.00 | OK | |
r-patched-linux-x86_64 | 2.0.2 | 71.55 | 70.37 | 141.92 | OK | |
r-release-linux-x86_64 | 2.0.2 | 53.78 | 68.29 | 122.07 | OK | |
r-release-macos-arm64 | 2.0.2 | 53.00 | NOTE | |||
r-release-macos-x86_64 | 2.0.2 | 93.00 | NOTE | |||
r-release-windows-x86_64 | 2.0.2 | 93.00 | 123.00 | 216.00 | OK | |
r-oldrel-macos-arm64 | 2.0.2 | 58.00 | NOTE | |||
r-oldrel-macos-x86_64 | 2.0.2 | 74.00 | NOTE | |||
r-oldrel-windows-ix86+x86_64 | 2.0.2 | 233.00 | 124.00 | 357.00 | OK |
Version: 2.0.2
Check: installed package size
Result: NOTE
installed size is 5.1Mb
sub-directories of 1Mb or more:
libs 4.7Mb
Flavors: r-release-macos-arm64, r-release-macos-x86_64, r-oldrel-macos-arm64, r-oldrel-macos-x86_64