Last updated on 2022-05-20 17:50:19 CEST.
Flavor | Version | Tinstall | Tcheck | Ttotal | Status | Flags |
---|---|---|---|---|---|---|
r-devel-linux-x86_64-debian-clang | 1.0.4 | 151.91 | 50.64 | 202.55 | OK | |
r-devel-linux-x86_64-debian-gcc | 1.0.4 | 108.23 | 38.88 | 147.11 | OK | |
r-devel-linux-x86_64-fedora-clang | 1.0.4 | 287.27 | OK | |||
r-devel-linux-x86_64-fedora-gcc | 1.0.4 | 250.54 | OK | |||
r-devel-windows-x86_64 | 1.0.4 | 126.00 | 92.00 | 218.00 | OK | |
r-patched-linux-x86_64 | 1.0.4 | 121.26 | 49.73 | 170.99 | OK | |
r-release-linux-x86_64 | 1.0.4 | 125.27 | 49.80 | 175.07 | OK | |
r-release-macos-arm64 | 1.0.4 | 59.00 | OK | |||
r-release-macos-x86_64 | 1.0.4 | 83.00 | OK | |||
r-release-windows-x86_64 | 1.0.4 | 121.00 | 97.00 | 218.00 | OK | |
r-oldrel-macos-arm64 | 1.0.4 | 57.00 | NOTE | |||
r-oldrel-macos-x86_64 | 1.0.4 | 78.00 | OK | |||
r-oldrel-windows-ix86+x86_64 | 1.0.4 | 351.00 | 115.00 | 466.00 | OK |
Version: 1.0.4
Check: installed package size
Result: NOTE
installed size is 5.6Mb
sub-directories of 1Mb or more:
libs 5.5Mb
Flavor: r-oldrel-macos-arm64