CRAN Package Check Results for Package bqtl

Last updated on 2019-03-23 17:47:38 CET.

Flavor Version Tinstall Tcheck Ttotal Status Flags
r-devel-linux-x86_64-debian-clang 1.0-32 10.40 38.68 49.08 OK
r-devel-linux-x86_64-debian-gcc 1.0-32 7.02 30.88 37.90 OK
r-devel-linux-x86_64-fedora-clang 1.0-32 59.12 NOTE
r-devel-linux-x86_64-fedora-gcc 1.0-32 55.10 NOTE
r-devel-windows-ix86+x86_64 1.0-32 44.00 82.00 126.00 OK
r-patched-linux-x86_64 1.0-32 8.19 33.93 42.12 OK
r-patched-solaris-x86 1.0-32 69.20 OK
r-release-linux-x86_64 1.0-32 0.45 2.64 3.09 ERROR
r-release-windows-ix86+x86_64 1.0-32 28.00 48.00 76.00 OK
r-release-osx-x86_64 1.0-32 OK
r-oldrel-windows-ix86+x86_64 1.0-32 23.00 51.00 74.00 OK
r-oldrel-osx-x86_64 1.0-32 OK

Check Details

Version: 1.0-32
Check: compiled code
Result: NOTE
    File ‘bqtl/libs/bqtl.so’:
     Found no calls to: ‘R_registerRoutines’, ‘R_useDynamicSymbols’
    
    It is good practice to register native routines and to disable symbol
    search.
    
    See ‘Writing portable packages’ in the ‘Writing R Extensions’ manual.
Flavors: r-devel-linux-x86_64-fedora-clang, r-devel-linux-x86_64-fedora-gcc

Version: 1.0-32
Check: whether package can be installed
Result: ERROR
    Installation failed.
Flavor: r-release-linux-x86_64