CRAN Package Check Results for Package braQCA

Last updated on 2022-09-24 23:57:29 CEST.

Flavor Version Tinstall Tcheck Ttotal Status Flags
r-devel-linux-x86_64-debian-clang 1.2.1.29 5.28 40.11 45.39 OK
r-devel-linux-x86_64-debian-gcc 1.2.1.29 3.54 31.70 35.24 OK
r-devel-linux-x86_64-fedora-clang 1.2.1.29 68.61 NOTE
r-devel-linux-x86_64-fedora-gcc 1.2.1.29 65.86 NOTE
r-devel-windows-x86_64 1.2.1.29 13.00 70.00 83.00 OK
r-patched-linux-x86_64 1.2.1.29 4.26 39.53 43.79 OK
r-release-linux-x86_64 1.2.1.29 4.68 39.41 44.09 OK
r-release-macos-arm64 1.2.1.29 22.00 NOTE
r-release-macos-x86_64 1.2.1.29 37.00 NOTE
r-release-windows-x86_64 1.2.1.29 10.00 68.00 78.00 OK
r-oldrel-macos-arm64 1.2.1.29 22.00 NOTE
r-oldrel-macos-x86_64 1.2.1.29 26.00 NOTE
r-oldrel-windows-ix86+x86_64 1.2.1.29 12.00 67.00 79.00 OK

Check Details

Version: 1.2.1.29
Check: dependencies in R code
Result: NOTE
    Namespace in Imports field not imported from: ‘dplyr’
     All declared Imports should be used.
Flavors: r-devel-linux-x86_64-fedora-clang, r-devel-linux-x86_64-fedora-gcc, r-release-macos-arm64, r-release-macos-x86_64, r-oldrel-macos-arm64, r-oldrel-macos-x86_64