CRAN Package Check Results for Package braQCA

Last updated on 2024-05-29 05:59:15 CEST.

Flavor Version Tinstall Tcheck Ttotal Status Flags
r-devel-linux-x86_64-debian-clang 1.2.1.29 3.82 43.78 47.60 OK
r-devel-linux-x86_64-debian-gcc 1.2.1.29 4.21 33.27 37.48 OK
r-devel-linux-x86_64-fedora-clang 1.2.1.29 62.23 NOTE
r-devel-linux-x86_64-fedora-gcc 1.2.1.29 58.71 NOTE
r-devel-windows-x86_64 1.2.1.29 6.00 54.00 60.00 OK
r-patched-linux-x86_64 1.2.1.29 4.81 41.47 46.28 OK
r-release-linux-x86_64 1.2.1.29 4.01 42.99 47.00 OK
r-release-macos-arm64 1.2.1.29 21.00 OK
r-release-windows-x86_64 1.2.1.29 6.00 52.00 58.00 OK
r-oldrel-macos-arm64 1.2.1.29 21.00 OK
r-oldrel-macos-x86_64 1.2.1.29 29.00 OK
r-oldrel-windows-x86_64 1.2.1.29 8.00 60.00 68.00 OK

Check Details

Version: 1.2.1.29
Check: dependencies in R code
Result: NOTE Namespace in Imports field not imported from: ‘dplyr’ All declared Imports should be used. Flavors: r-devel-linux-x86_64-fedora-clang, r-devel-linux-x86_64-fedora-gcc