CRAN Package Check Results for Package brainGraph

Last updated on 2019-07-18 08:50:37 CEST.

Flavor Version Tinstall Tcheck Ttotal Status Flags
r-devel-linux-x86_64-debian-clang 2.2.0 20.24 138.92 159.16 OK
r-devel-linux-x86_64-debian-gcc 2.2.0 16.85 107.80 124.65 OK
r-devel-linux-x86_64-fedora-clang 2.2.0 145.61 OK
r-devel-linux-x86_64-fedora-gcc 2.2.0 184.16 OK
r-devel-windows-ix86+x86_64 2.2.0 53.00 158.00 211.00 OK
r-patched-linux-x86_64 2.2.0 19.95 136.36 156.31 OK
r-patched-solaris-x86 2.2.0 268.00 NOTE
r-release-linux-x86_64 2.2.0 20.85 135.76 156.61 OK
r-release-windows-ix86+x86_64 2.2.0 39.00 219.00 258.00 OK
r-release-osx-x86_64 2.2.0 NOTE
r-oldrel-windows-ix86+x86_64 2.2.0 30.00 188.00 218.00 OK
r-oldrel-osx-x86_64 2.2.0 NOTE

Check Details

Version: 2.2.0
Check: dependencies in R code
Result: NOTE
    R: Fatal IO error 146 (Connection refused) on X server :5.0.
Flavor: r-patched-solaris-x86

Version: 2.2.0
Check: package dependencies
Result: NOTE
    Packages suggested but not available for checking: 'RGtk2', 'cairoDevice'
Flavor: r-release-osx-x86_64

Version: 2.2.0
Check: package dependencies
Result: NOTE
    Packages suggested but not available for checking: ‘RGtk2’ ‘cairoDevice’
Flavor: r-oldrel-osx-x86_64