CRAN Package Check Results for Package brainGraph

Last updated on 2019-04-26 03:47:10 CEST.

Flavor Version Tinstall Tcheck Ttotal Status Flags
r-devel-linux-x86_64-debian-clang 2.2.0 20.24 137.92 158.16 OK
r-devel-linux-x86_64-debian-gcc 2.2.0 19.22 106.28 125.50 OK
r-devel-linux-x86_64-fedora-clang 2.2.0 187.19 OK
r-devel-linux-x86_64-fedora-gcc 2.2.0 132.36 OK
r-devel-windows-ix86+x86_64 2.2.0 58.00 150.00 208.00 OK
r-patched-linux-x86_64 2.2.0 21.42 137.86 159.28 OK
r-patched-solaris-x86 2.2.0 265.30 OK
r-release-linux-x86_64 2.2.0 13.59 132.83 146.42 OK
r-release-windows-ix86+x86_64 2.2.0 40.00 207.00 247.00 OK
r-release-osx-x86_64 2.2.0 NOTE
r-oldrel-windows-ix86+x86_64 2.2.0 20.00 153.00 173.00 OK
r-oldrel-osx-x86_64 2.2.0 NOTE

Check Details

Version: 2.2.0
Check: package dependencies
Result: NOTE
    Packages suggested but not available for checking: ‘RGtk2’ ‘cairoDevice’
Flavors: r-release-osx-x86_64, r-oldrel-osx-x86_64