CRAN Package Check Results for Package brainR

Last updated on 2022-10-04 19:01:19 CEST.

Flavor Version Tinstall Tcheck Ttotal Status Flags
r-devel-linux-x86_64-debian-clang 1.6.0 9.07 67.13 76.20 NOTE
r-devel-linux-x86_64-debian-gcc 1.6.0 6.50 51.76 58.26 NOTE
r-devel-linux-x86_64-fedora-clang 1.6.0 109.22 NOTE
r-devel-linux-x86_64-fedora-gcc 1.6.0 100.41 NOTE
r-devel-windows-x86_64 1.6.0 14.00 85.00 99.00 NOTE
r-patched-linux-x86_64 1.6.0 11.86 74.37 86.23 NOTE
r-release-linux-x86_64 1.6.0 9.84 74.26 84.10 NOTE
r-release-macos-arm64 1.6.0 43.00 NOTE
r-release-macos-x86_64 1.6.0 73.00 NOTE
r-release-windows-x86_64 1.6.0 17.00 85.00 102.00 NOTE
r-oldrel-macos-arm64 1.6.0 67.00 NOTE
r-oldrel-macos-x86_64 1.6.0 63.00 NOTE
r-oldrel-windows-ix86+x86_64 1.6.0 19.00 83.00 102.00 NOTE

Check Details

Version: 1.6.0
Check: LazyData
Result: NOTE
     'LazyData' is specified without a 'data' directory
Flavors: r-devel-linux-x86_64-debian-clang, r-devel-linux-x86_64-debian-gcc, r-devel-linux-x86_64-fedora-clang, r-devel-linux-x86_64-fedora-gcc, r-devel-windows-x86_64, r-patched-linux-x86_64, r-release-linux-x86_64, r-release-macos-arm64, r-release-macos-x86_64, r-release-windows-x86_64, r-oldrel-macos-arm64, r-oldrel-macos-x86_64, r-oldrel-windows-ix86+x86_64