Last updated on 2023-09-30 06:08:35 CEST.
Flavor | Version | Tinstall | Tcheck | Ttotal | Status | Flags |
---|---|---|---|---|---|---|
r-devel-linux-x86_64-debian-clang | 1.6.0 | 8.65 | 67.63 | 76.28 | NOTE | |
r-devel-linux-x86_64-debian-gcc | 1.6.0 | 6.24 | 51.26 | 57.50 | NOTE | |
r-devel-linux-x86_64-fedora-clang | 1.6.0 | 94.06 | NOTE | |||
r-devel-linux-x86_64-fedora-gcc | 1.6.0 | 94.43 | NOTE | |||
r-devel-windows-x86_64 | 1.6.0 | 9.00 | 66.00 | 75.00 | NOTE | |
r-patched-linux-x86_64 | 1.6.0 | 14.73 | 66.97 | 81.70 | NOTE | |
r-release-linux-x86_64 | 1.6.0 | 9.61 | 66.67 | 76.28 | NOTE | |
r-release-macos-arm64 | 1.6.0 | 31.00 | NOTE | |||
r-release-macos-x86_64 | 1.6.0 | 54.00 | NOTE | |||
r-release-windows-x86_64 | 1.6.0 | 10.00 | 73.00 | 83.00 | NOTE | |
r-oldrel-macos-arm64 | 1.6.0 | 43.00 | NOTE | |||
r-oldrel-macos-x86_64 | 1.6.0 | 73.00 | NOTE | |||
r-oldrel-windows-x86_64 | 1.6.0 | 10.00 | 75.00 | 85.00 | NOTE |
Version: 1.6.0
Check: LazyData
Result: NOTE
'LazyData' is specified without a 'data' directory
Flavors: r-devel-linux-x86_64-debian-clang, r-devel-linux-x86_64-debian-gcc, r-devel-linux-x86_64-fedora-clang, r-devel-linux-x86_64-fedora-gcc, r-devel-windows-x86_64, r-patched-linux-x86_64, r-release-linux-x86_64, r-release-macos-arm64, r-release-macos-x86_64, r-release-windows-x86_64, r-oldrel-macos-arm64, r-oldrel-macos-x86_64, r-oldrel-windows-x86_64