CRAN Package Check Results for Package breakage

Last updated on 2017-07-26 02:47:42.

Flavor Version Tinstall Tcheck Ttotal Status Flags
r-devel-linux-x86_64-debian-clang 1.1-1 0.68 22.08 22.76 NOTE
r-devel-linux-x86_64-debian-gcc 1.1-1 0.74 21.56 22.30 NOTE
r-devel-linux-x86_64-fedora-clang 1.1-1 26.74 NOTE
r-devel-linux-x86_64-fedora-gcc 1.1-1 26.16 NOTE
r-devel-windows-ix86+x86_64 1.1-1 5.00 42.00 47.00 NOTE
r-patched-linux-x86_64 1.1-1 0.71 21.85 22.56 NOTE
r-patched-solaris-x86 1.1-1 37.90 NOTE
r-release-linux-x86_64 1.1-1 0.67 21.60 22.27 NOTE
r-release-windows-ix86+x86_64 1.1-1 3.00 30.00 33.00 NOTE
r-release-osx-x86_64 1.1-1 NOTE
r-oldrel-windows-ix86+x86_64 1.1-1 3.00 33.00 36.00 NOTE
r-oldrel-osx-x86_64 1.1-1 NOTE

Check Details

Version: 1.1-1
Check: R code for possible problems
Result: NOTE
    apply.breaks: no visible binding for global variable ‘median’
    break.clust: no visible global function definition for ‘plot’
    break.clust: no visible global function definition for ‘median’
    breakage.plot: no visible binding for global variable ‘median’
    breakage.plot: no visible global function definition for ‘plot’
    breakage.plot: no visible global function definition for ‘abline’
    breakage.plot: no visible global function definition for ‘lm’
    find.bottom: no visible global function definition for ‘filter’
    fit.breakage: no visible global function definition for ‘optim’
    fit.breakage: no visible global function definition for ‘plot’
    fit.breakage: no visible global function definition for ‘points’
    fit.sensitivity.plot: no visible global function definition for
     ‘contour’
    fit.sensitivity.plot: no visible global function definition for
     ‘points’
    fit.sensitivity.plot: no visible global function definition for ‘text’
    Undefined global functions or variables:
     abline contour filter lm median optim plot points text
    Consider adding
     importFrom("graphics", "abline", "contour", "plot", "points", "text")
     importFrom("stats", "filter", "lm", "median", "optim")
    to your NAMESPACE file.
Flavors: r-devel-linux-x86_64-debian-clang, r-devel-linux-x86_64-debian-gcc, r-devel-linux-x86_64-fedora-clang, r-devel-linux-x86_64-fedora-gcc, r-devel-windows-ix86+x86_64, r-patched-linux-x86_64, r-patched-solaris-x86, r-release-linux-x86_64, r-release-windows-ix86+x86_64, r-release-osx-x86_64, r-oldrel-windows-ix86+x86_64, r-oldrel-osx-x86_64