CRAN Package Check Results for Package breakage

Last updated on 2017-03-30 19:47:33.

Flavor Version Tinstall Tcheck Ttotal Status Flags
r-devel-linux-x86_64-debian-clang 1.1-1 0.63 15.01 15.64 NOTE
r-devel-linux-x86_64-debian-gcc 1.1-1 0.73 14.89 15.61 NOTE
r-devel-linux-x86_64-fedora-clang 1.1-1 26.84 NOTE --no-stop-on-test-error
r-devel-linux-x86_64-fedora-gcc 1.1-1 25.19 NOTE --no-stop-on-test-error
r-devel-macos-x86_64-clang 1.1-1 23.35 NOTE --no-stop-on-test-error
r-devel-windows-ix86+x86_64 1.1-1 3.00 32.00 35.00 NOTE
r-patched-linux-x86_64 1.1-1 0.68 14.96 15.64 NOTE
r-patched-solaris-sparc 1.1-1 165.60 NOTE
r-patched-solaris-x86 1.1-1 37.50 NOTE
r-release-linux-x86_64 1.1-1 0.64 12.84 13.48 NOTE
r-release-osx-x86_64-mavericks 1.1-1 NOTE
r-release-windows-ix86+x86_64 1.1-1 3.00 33.00 36.00 NOTE
r-oldrel-windows-ix86+x86_64 1.1-1 3.00 28.00 31.00 OK

Check Details

Version: 1.1-1
Check: R code for possible problems
Result: NOTE
    apply.breaks: no visible binding for global variable ‘median’
    break.clust: no visible global function definition for ‘plot’
    break.clust: no visible global function definition for ‘median’
    breakage.plot: no visible binding for global variable ‘median’
    breakage.plot: no visible global function definition for ‘plot’
    breakage.plot: no visible global function definition for ‘abline’
    breakage.plot: no visible global function definition for ‘lm’
    find.bottom: no visible global function definition for ‘filter’
    fit.breakage: no visible global function definition for ‘optim’
    fit.breakage: no visible global function definition for ‘plot’
    fit.breakage: no visible global function definition for ‘points’
    fit.sensitivity.plot: no visible global function definition for
     ‘contour’
    fit.sensitivity.plot: no visible global function definition for
     ‘points’
    fit.sensitivity.plot: no visible global function definition for ‘text’
    Undefined global functions or variables:
     abline contour filter lm median optim plot points text
    Consider adding
     importFrom("graphics", "abline", "contour", "plot", "points", "text")
     importFrom("stats", "filter", "lm", "median", "optim")
    to your NAMESPACE file.
Flavors: r-devel-linux-x86_64-debian-clang, r-devel-linux-x86_64-debian-gcc, r-devel-windows-ix86+x86_64, r-patched-linux-x86_64, r-patched-solaris-sparc, r-patched-solaris-x86, r-release-linux-x86_64, r-release-osx-x86_64-mavericks, r-release-windows-ix86+x86_64

Version: 1.1-1
Flags: --no-stop-on-test-error
Check: R code for possible problems
Result: NOTE
    apply.breaks: no visible binding for global variable ‘median’
    break.clust: no visible global function definition for ‘plot’
    break.clust: no visible global function definition for ‘median’
    breakage.plot: no visible binding for global variable ‘median’
    breakage.plot: no visible global function definition for ‘plot’
    breakage.plot: no visible global function definition for ‘abline’
    breakage.plot: no visible global function definition for ‘lm’
    find.bottom: no visible global function definition for ‘filter’
    fit.breakage: no visible global function definition for ‘optim’
    fit.breakage: no visible global function definition for ‘plot’
    fit.breakage: no visible global function definition for ‘points’
    fit.sensitivity.plot: no visible global function definition for
     ‘contour’
    fit.sensitivity.plot: no visible global function definition for
     ‘points’
    fit.sensitivity.plot: no visible global function definition for ‘text’
    Undefined global functions or variables:
     abline contour filter lm median optim plot points text
    Consider adding
     importFrom("graphics", "abline", "contour", "plot", "points", "text")
     importFrom("stats", "filter", "lm", "median", "optim")
    to your NAMESPACE file.
Flavors: r-devel-linux-x86_64-fedora-clang, r-devel-linux-x86_64-fedora-gcc, r-devel-macos-x86_64-clang