CRAN Package Check Results for Package breakage

Last updated on 2017-10-23 12:49:47.

Flavor Version Tinstall Tcheck Ttotal Status Flags
r-devel-linux-x86_64-debian-clang 1.1-1 0.65 14.59 15.24 NOTE
r-devel-linux-x86_64-debian-gcc 1.1-1 0.86 15.78 16.63 NOTE
r-devel-linux-x86_64-fedora-clang 1.1-1 25.98 NOTE
r-devel-linux-x86_64-fedora-gcc 1.1-1 26.78 NOTE
r-devel-windows-ix86+x86_64 1.1-1 5.00 33.00 38.00 NOTE
r-patched-linux-x86_64 1.1-1 0.82 14.64 15.45 NOTE
r-patched-solaris-x86 1.1-1 38.00 NOTE
r-release-linux-x86_64 1.1-1 0.65 15.04 15.69 NOTE
r-release-windows-ix86+x86_64 1.1-1 3.00 33.00 36.00 NOTE
r-release-osx-x86_64 1.1-1 NOTE
r-oldrel-windows-ix86+x86_64 1.1-1 3.00 33.00 36.00 NOTE
r-oldrel-osx-x86_64 1.1-1 NOTE

Check Details

Version: 1.1-1
Check: R code for possible problems
Result: NOTE
    apply.breaks: no visible binding for global variable ‘median’
    break.clust: no visible global function definition for ‘plot’
    break.clust: no visible global function definition for ‘median’
    breakage.plot: no visible binding for global variable ‘median’
    breakage.plot: no visible global function definition for ‘plot’
    breakage.plot: no visible global function definition for ‘abline’
    breakage.plot: no visible global function definition for ‘lm’
    find.bottom: no visible global function definition for ‘filter’
    fit.breakage: no visible global function definition for ‘optim’
    fit.breakage: no visible global function definition for ‘plot’
    fit.breakage: no visible global function definition for ‘points’
    fit.sensitivity.plot: no visible global function definition for
     ‘contour’
    fit.sensitivity.plot: no visible global function definition for
     ‘points’
    fit.sensitivity.plot: no visible global function definition for ‘text’
    Undefined global functions or variables:
     abline contour filter lm median optim plot points text
    Consider adding
     importFrom("graphics", "abline", "contour", "plot", "points", "text")
     importFrom("stats", "filter", "lm", "median", "optim")
    to your NAMESPACE file.
Flavors: r-devel-linux-x86_64-debian-clang, r-devel-linux-x86_64-debian-gcc, r-devel-linux-x86_64-fedora-clang, r-devel-linux-x86_64-fedora-gcc, r-devel-windows-ix86+x86_64, r-patched-linux-x86_64, r-patched-solaris-x86, r-release-linux-x86_64, r-release-windows-ix86+x86_64, r-release-osx-x86_64, r-oldrel-windows-ix86+x86_64, r-oldrel-osx-x86_64