Last updated on 2023-09-27 01:05:24 CEST.
Flavor | Version | Tinstall | Tcheck | Ttotal | Status | Flags |
---|---|---|---|---|---|---|
r-devel-linux-x86_64-debian-clang | 4.8.4 | 37.85 | 757.75 | 795.60 | OK | |
r-devel-linux-x86_64-debian-gcc | 4.8.4 | 29.31 | 547.17 | 576.48 | OK | |
r-devel-linux-x86_64-fedora-clang | 4.8.4 | 948.45 | OK | |||
r-devel-linux-x86_64-fedora-gcc | 4.8.4 | 954.76 | OK | |||
r-devel-windows-x86_64 | 4.8.4 | 33.00 | 551.00 | 584.00 | OK | |
r-patched-linux-x86_64 | 4.8.4 | 35.66 | 690.56 | 726.22 | OK | |
r-release-linux-x86_64 | 4.8.4 | 26.33 | 722.70 | 749.03 | OK | |
r-release-macos-arm64 | 4.8.4 | 5.00 | ERROR | |||
r-release-macos-x86_64 | 4.8.4 | 98.00 | ERROR | |||
r-release-windows-x86_64 | 4.8.4 | 43.00 | 674.00 | 717.00 | OK | |
r-oldrel-macos-arm64 | 4.8.4 | 223.00 | OK | |||
r-oldrel-macos-x86_64 | 4.8.4 | 316.00 | OK | |||
r-oldrel-windows-x86_64 | 4.8.4 | 41.00 | 658.00 | 699.00 | OK |
Version: 4.8.4
Check: package dependencies
Result: ERROR
Package required but not available: ‘phyloseq’
See section ‘The DESCRIPTION file’ in the ‘Writing R Extensions’
manual.
Flavors: r-release-macos-arm64, r-release-macos-x86_64