CRAN Package Check Results for Package brickset

Last updated on 2024-02-22 23:51:18 CET.

Flavor Version Tinstall Tcheck Ttotal Status Flags
r-devel-linux-x86_64-debian-clang 2024.0.0 OK
r-devel-linux-x86_64-debian-gcc 2024.0.0 4.49 33.49 37.98 OK
r-devel-linux-x86_64-fedora-clang 2024.0.0 62.16 NOTE
r-devel-linux-x86_64-fedora-gcc 2024.0.0 58.54 NOTE
r-devel-windows-x86_64 2024.0.0 6.00 55.00 61.00 OK
r-patched-linux-x86_64 2024.0.0 6.26 42.36 48.62 OK
r-release-linux-x86_64 2024.0.0 5.70 43.04 48.74 OK
r-release-macos-arm64 2024.0.0 30.00 OK
r-release-macos-x86_64 2024.0.0 40.00 OK
r-release-windows-x86_64 2024.0.0 9.00 62.00 71.00 OK
r-oldrel-macos-arm64 2024.0.0 28.00 OK
r-oldrel-windows-x86_64 2024.0.0 9.00 63.00 72.00 OK

Check Details

Version: 2024.0.0
Check: data for non-ASCII characters
Result: NOTE Note: found 108 marked UTF-8 strings Flavors: r-devel-linux-x86_64-fedora-clang, r-devel-linux-x86_64-fedora-gcc