CRAN Package Check Results for Package bridger

Last updated on 2021-10-27 16:48:58 CEST.

Flavor Version Tinstall Tcheck Ttotal Status Flags
r-devel-linux-x86_64-debian-clang 0.1.0 6.89 51.68 58.57 OK
r-devel-linux-x86_64-debian-gcc 0.1.0 4.59 38.12 42.71 OK
r-devel-linux-x86_64-fedora-clang 0.1.0 79.54 NOTE
r-devel-linux-x86_64-fedora-gcc 0.1.0 67.01 NOTE
r-devel-windows-x86_64 0.1.0 12.00 72.00 84.00 OK
r-devel-windows-x86_64-gcc10-UCRT 0.1.0 NOTE
r-patched-linux-x86_64 0.1.0 6.95 47.33 54.28 OK
r-patched-solaris-x86 0.1.0 95.80 NOTE
r-release-linux-x86_64 0.1.0 7.17 47.62 54.79 OK
r-release-macos-arm64 0.1.0 NOTE
r-release-macos-x86_64 0.1.0 NOTE
r-release-windows-ix86+x86_64 0.1.0 12.00 69.00 81.00 OK
r-oldrel-macos-x86_64 0.1.0 NOTE
r-oldrel-windows-ix86+x86_64 0.1.0 17.00 70.00 87.00 OK

Check Details

Version: 0.1.0
Check: dependencies in R code
Result: NOTE
    Namespace in Imports field not imported from: ‘kableExtra’
     All declared Imports should be used.
Flavors: r-devel-linux-x86_64-fedora-clang, r-devel-linux-x86_64-fedora-gcc, r-devel-windows-x86_64-gcc10-UCRT, r-patched-solaris-x86, r-release-macos-arm64, r-release-macos-x86_64, r-oldrel-macos-x86_64