CRAN Package Check Results for Package bridger

Last updated on 2025-01-20 08:48:21 CET.

Flavor Version Tinstall Tcheck Ttotal Status Flags
r-devel-linux-x86_64-debian-clang 0.1.0 6.82 47.14 53.96 NOTE
r-devel-linux-x86_64-debian-gcc 0.1.0 4.20 32.60 36.80 NOTE
r-devel-linux-x86_64-fedora-clang 0.1.0 84.01 NOTE
r-devel-linux-x86_64-fedora-gcc 0.1.0 78.70 NOTE
r-devel-windows-x86_64 0.1.0 7.00 63.00 70.00 NOTE
r-patched-linux-x86_64 0.1.0 5.82 42.11 47.93 NOTE
r-release-linux-x86_64 0.1.0 6.20 42.10 48.30 NOTE
r-release-macos-arm64 0.1.0 27.00 NOTE
r-release-macos-x86_64 0.1.0 62.00 NOTE
r-release-windows-x86_64 0.1.0 10.00 65.00 75.00 NOTE
r-oldrel-macos-arm64 0.1.0 26.00 OK
r-oldrel-macos-x86_64 0.1.0 40.00 OK
r-oldrel-windows-x86_64 0.1.0 10.00 79.00 89.00 OK

Check Details

Version: 0.1.0
Check: Rd files
Result: NOTE checkRd: (-1) printHands.Rd:40: Lost braces in \itemize; meant \describe ? checkRd: (-1) printHands.Rd:41: Lost braces in \itemize; meant \describe ? checkRd: (-1) printHands.Rd:42: Lost braces in \itemize; meant \describe ? Flavors: r-devel-linux-x86_64-debian-clang, r-devel-linux-x86_64-debian-gcc, r-devel-linux-x86_64-fedora-clang, r-devel-linux-x86_64-fedora-gcc, r-devel-windows-x86_64, r-patched-linux-x86_64, r-release-linux-x86_64, r-release-macos-arm64, r-release-macos-x86_64, r-release-windows-x86_64

Version: 0.1.0
Check: dependencies in R code
Result: NOTE Namespace in Imports field not imported from: ‘kableExtra’ All declared Imports should be used. Flavors: r-devel-linux-x86_64-fedora-clang, r-devel-linux-x86_64-fedora-gcc