CRAN Package Check Results for Package bridgesampling

Last updated on 2022-01-26 07:52:38 CET.

Flavor Version Tinstall Tcheck Ttotal Status Flags
r-devel-linux-x86_64-debian-clang 1.1-2 9.44 234.82 244.26 OK
r-devel-linux-x86_64-debian-gcc 1.1-2 8.29 181.45 189.74 OK
r-devel-linux-x86_64-fedora-clang 1.1-2 294.16 OK
r-devel-linux-x86_64-fedora-gcc 1.1-2 297.72 OK
r-devel-windows-x86_64-new-UL 1.1-2 129.00 209.00 338.00 OK
r-devel-windows-x86_64-new-TK 1.1-2 NOTE
r-patched-linux-x86_64 1.1-2 9.46 243.32 252.78 OK
r-release-linux-x86_64 1.1-2 8.57 242.87 251.44 OK
r-release-macos-arm64 1.1-2 OK
r-release-macos-x86_64 1.1-2 OK
r-release-windows-ix86+x86_64 1.1-2 21.00 211.00 232.00 OK
r-oldrel-macos-x86_64 1.1-2 OK
r-oldrel-windows-ix86+x86_64 1.1-2 21.00 216.00 237.00 OK

Check Details

Version: 1.1-2
Check: package dependencies
Result: NOTE
    Package suggested but not available for checking: 'rstanarm'
Flavor: r-devel-windows-x86_64-new-TK