Last updated on 2023-03-28 05:49:07 CEST.
Flavor | Version | Tinstall | Tcheck | Ttotal | Status | Flags |
---|---|---|---|---|---|---|
r-devel-linux-x86_64-debian-clang | 1.1-2 | 13.51 | 267.21 | 280.72 | OK | |
r-devel-linux-x86_64-debian-gcc | 1.1-2 | 10.36 | 203.92 | 214.28 | OK | |
r-devel-linux-x86_64-fedora-clang | 1.1-2 | 339.46 | OK | |||
r-devel-linux-x86_64-fedora-gcc | 1.1-2 | 383.49 | OK | |||
r-devel-windows-x86_64 | 1.1-2 | 90.00 | 238.00 | 328.00 | OK | |
r-patched-linux-x86_64 | 1.1-2 | 12.61 | 254.44 | 267.05 | OK | |
r-release-linux-x86_64 | 1.1-2 | 12.41 | 259.48 | 271.89 | OK | |
r-release-macos-arm64 | 1.1-2 | 77.00 | OK | |||
r-release-macos-x86_64 | 1.1-2 | 111.00 | NOTE | |||
r-release-windows-x86_64 | 1.1-2 | 89.00 | 236.00 | 325.00 | OK | |
r-oldrel-macos-arm64 | 1.1-2 | 81.00 | OK | |||
r-oldrel-macos-x86_64 | 1.1-2 | 167.00 | OK | |||
r-oldrel-windows-ix86+x86_64 | 1.1-2 | 26.00 | 231.00 | 257.00 | OK |
Version: 1.1-2
Check: package dependencies
Result: NOTE
Packages suggested but not available for checking:
'R2jags', 'rjags', 'runjags'
Flavor: r-release-macos-x86_64