CRAN Package Check Results for Package brinton

Last updated on 2020-10-25 01:47:31 CEST.

Flavor Version Tinstall Tcheck Ttotal Status Flags
r-devel-linux-x86_64-debian-clang 0.2.1 14.45 81.65 96.10 OK
r-devel-linux-x86_64-debian-gcc 0.2.1 12.68 60.34 73.02 OK
r-devel-linux-x86_64-fedora-clang 0.2.1 122.01 OK
r-devel-linux-x86_64-fedora-gcc 0.2.1 112.53 OK
r-devel-windows-ix86+x86_64 0.2.1 26.00 109.00 135.00 OK
r-patched-linux-x86_64 0.2.1 12.59 73.17 85.76 OK
r-patched-solaris-x86 0.2.1 146.40 OK
r-release-linux-x86_64 0.2.1 14.00 72.79 86.79 OK
r-release-macos-x86_64 0.2.1 OK
r-release-windows-ix86+x86_64 0.2.1 20.00 86.00 106.00 OK
r-oldrel-macos-x86_64 0.2.1 NOTE
r-oldrel-windows-ix86+x86_64 0.2.1 23.00 103.00 126.00 OK

Check Details

Version: 0.2.1
Check: dependencies in R code
Result: NOTE
    No protocol specified
    No protocol specified
Flavor: r-oldrel-macos-x86_64