CRAN Package Check Results for Package brms

Last updated on 2021-06-24 23:49:46 CEST.

Flavor Version Tinstall Tcheck Ttotal Status Flags
r-devel-linux-x86_64-debian-clang 2.15.0 60.24 569.27 629.51 NOTE
r-devel-linux-x86_64-debian-gcc 2.15.0 50.21 415.68 465.89 NOTE
r-devel-linux-x86_64-fedora-clang 2.15.0 736.03 NOTE
r-devel-linux-x86_64-fedora-gcc 2.15.0 747.45 NOTE
r-devel-windows-x86_64 2.15.0 90.00 211.00 301.00 NOTE --no-examples --no-tests --no-vignettes
r-devel-windows-x86_64-gcc10-UCRT 2.15.0 NOTE
r-patched-linux-x86_64 2.15.0 65.53 542.19 607.72 NOTE
r-patched-solaris-x86 2.15.0 959.70 NOTE
r-release-linux-x86_64 2.15.0 56.43 537.44 593.87 NOTE
r-release-macos-arm64 2.15.0 NOTE
r-release-macos-x86_64 2.15.0 NOTE
r-release-windows-ix86+x86_64 2.15.0 75.00 296.00 371.00 NOTE --no-examples --no-tests --no-vignettes
r-oldrel-macos-x86_64 2.15.0 NOTE
r-oldrel-windows-ix86+x86_64 2.15.0 79.00 296.00 375.00 NOTE --no-examples --no-tests --no-vignettes

Check Details

Version: 2.15.0
Check: package dependencies
Result: NOTE
    Package suggested but not available for checking: 'cmdstanr'
Flavors: r-devel-linux-x86_64-debian-clang, r-devel-linux-x86_64-debian-gcc, r-devel-linux-x86_64-fedora-clang, r-devel-linux-x86_64-fedora-gcc, r-devel-windows-x86_64-gcc10-UCRT, r-patched-linux-x86_64, r-patched-solaris-x86, r-release-linux-x86_64, r-release-macos-x86_64, r-oldrel-macos-x86_64

Version: 2.15.0
Check: installed package size
Result: NOTE
     installed size is 6.6Mb
     sub-directories of 1Mb or more:
     R 3.1Mb
     doc 2.4Mb
Flavors: r-devel-linux-x86_64-fedora-clang, r-patched-solaris-x86, r-release-macos-arm64, r-release-macos-x86_64, r-oldrel-macos-x86_64

Version: 2.15.0
Check: Rd cross-references
Result: NOTE
    Undeclared packages ‘shiny’, ‘gtable’ in Rd xrefs
Flavor: r-devel-linux-x86_64-fedora-clang

Version: 2.15.0
Flags: --no-examples --no-tests --no-vignettes
Check: package dependencies
Result: NOTE
    Package suggested but not available for checking: 'cmdstanr'
Flavors: r-devel-windows-x86_64, r-release-windows-ix86+x86_64, r-oldrel-windows-ix86+x86_64

Version: 2.15.0
Flags: --no-examples --no-tests --no-vignettes
Check: installed package size
Result: NOTE
     installed size is 6.5Mb
     sub-directories of 1Mb or more:
     R 3.1Mb
     doc 2.4Mb
Flavors: r-devel-windows-x86_64, r-release-windows-ix86+x86_64, r-oldrel-windows-ix86+x86_64

Version: 2.15.0
Check: package dependencies
Result: NOTE
    Packages suggested but not available for checking: 'cmdstanr', 'spdep'
Flavor: r-release-macos-arm64