CRAN Package Check Results for Package brms

Last updated on 2017-01-24 23:49:38.

Flavor Version Tinstall Tcheck Ttotal Status Flags
r-devel-linux-x86_64-debian-clang 1.3.1 7.92 188.30 196.22 ERROR
r-devel-linux-x86_64-debian-gcc 1.3.1 7.89 181.03 188.92 ERROR
r-devel-linux-x86_64-fedora-clang 1.3.1 372.36 ERROR --no-stop-on-test-error
r-devel-linux-x86_64-fedora-gcc 1.3.1 361.03 ERROR --no-stop-on-test-error
r-devel-macos-x86_64-clang 1.3.1 281.08 ERROR --no-stop-on-test-error
r-devel-windows-ix86+x86_64 1.3.1 38.00 400.00 438.00 ERROR
r-patched-linux-x86_64 1.3.1 7.54 166.89 174.43 OK
r-patched-solaris-sparc 1.3.1 2009.30 OK
r-patched-solaris-x86 1.3.1 399.40 OK
r-release-linux-x86_64 1.3.1 7.88 174.32 182.20 OK
r-release-osx-x86_64-mavericks 1.3.1 OK
r-release-windows-ix86+x86_64 1.3.1 33.00 383.00 416.00 OK
r-oldrel-windows-ix86+x86_64 1.3.1 29.00 378.00 407.00 OK

Check Details

Version: 1.3.1
Check: tests
Result: ERROR
     Running ‘testthat.R’ [91s/91s]
    Running the tests in ‘tests/testthat.R’ failed.
    Last 13 lines of output:
    
    
     4. Failure: make_stancode accepts very long non-linear formulas (@tests.make_stancode.R#283)
     make_stancode(...) produced warnings.
    
    
     testthat results ================================================================
     OK: 2005 SKIPPED: 1 FAILED: 4
     1. Failure: amend_newdata handles factors correctly (@tests.data-helpers.R#93)
     2. Failure: make_stancode is silent for multivariate models (@tests.make_stancode.R#189)
     3. Failure: make_stancode is silent for categorical models (@tests.make_stancode.R#194)
     4. Failure: make_stancode accepts very long non-linear formulas (@tests.make_stancode.R#283)
    
     Error: testthat unit tests failed
     Execution halted
Flavor: r-devel-linux-x86_64-debian-clang

Version: 1.3.1
Check: tests
Result: ERROR
     Running ‘testthat.R’ [84s/84s]
    Running the tests in ‘tests/testthat.R’ failed.
    Last 13 lines of output:
    
    
     4. Failure: make_stancode accepts very long non-linear formulas (@tests.make_stancode.R#283)
     make_stancode(...) produced warnings.
    
    
     testthat results ================================================================
     OK: 2005 SKIPPED: 1 FAILED: 4
     1. Failure: amend_newdata handles factors correctly (@tests.data-helpers.R#93)
     2. Failure: make_stancode is silent for multivariate models (@tests.make_stancode.R#189)
     3. Failure: make_stancode is silent for categorical models (@tests.make_stancode.R#194)
     4. Failure: make_stancode accepts very long non-linear formulas (@tests.make_stancode.R#283)
    
     Error: testthat unit tests failed
     Execution halted
Flavor: r-devel-linux-x86_64-debian-gcc

Version: 1.3.1
Flags: --no-stop-on-test-error
Check: tests
Result: ERROR
     Running ‘testthat.R’ [171s/207s]
    Running the tests in ‘tests/testthat.R’ failed.
    Complete output:
     > library(testthat)
     > library(brms)
     Loading required package: Rcpp
     Loading required package: ggplot2
     Loading 'brms' package (version 1.3.1). Useful instructions
     can be found by typing help('brms'). A more detailed introduction
     to the package is available through vignette('brms_overview').
     >
     > test_check("brms")
     1. Failure: amend_newdata handles factors correctly (@tests.data-helpers.R#93) -
     amend_newdata(newdata, fit) produced warnings.
    
    
     2. Failure: make_stancode is silent for multivariate models (@tests.make_stancode.R#189)
     make_stancode(cbind(y1, y2) ~ x, data = data) produced warnings.
    
    
     3. Failure: make_stancode is silent for categorical models (@tests.make_stancode.R#194)
     make_stancode(y ~ x, data = data, family = categorical()) produced warnings.
    
    
     4. Failure: make_stancode accepts very long non-linear formulas (@tests.make_stancode.R#283)
     make_stancode(...) produced warnings.
    
    
     testthat results ================================================================
     OK: 2005 SKIPPED: 1 FAILED: 4
     1. Failure: amend_newdata handles factors correctly (@tests.data-helpers.R#93)
     2. Failure: make_stancode is silent for multivariate models (@tests.make_stancode.R#189)
     3. Failure: make_stancode is silent for categorical models (@tests.make_stancode.R#194)
     4. Failure: make_stancode accepts very long non-linear formulas (@tests.make_stancode.R#283)
    
     Error: testthat unit tests failed
     Execution halted
Flavor: r-devel-linux-x86_64-fedora-clang

Version: 1.3.1
Flags: --no-stop-on-test-error
Check: tests
Result: ERROR
     Running ‘testthat.R’ [162s/193s]
    Running the tests in ‘tests/testthat.R’ failed.
    Complete output:
     > library(testthat)
     > library(brms)
     Loading required package: Rcpp
     Loading required package: ggplot2
     Loading 'brms' package (version 1.3.1). Useful instructions
     can be found by typing help('brms'). A more detailed introduction
     to the package is available through vignette('brms_overview').
     >
     > test_check("brms")
     1. Failure: amend_newdata handles factors correctly (@tests.data-helpers.R#93) -
     amend_newdata(newdata, fit) produced warnings.
    
    
     2. Failure: make_stancode is silent for multivariate models (@tests.make_stancode.R#189)
     make_stancode(cbind(y1, y2) ~ x, data = data) produced warnings.
    
    
     3. Failure: make_stancode is silent for categorical models (@tests.make_stancode.R#194)
     make_stancode(y ~ x, data = data, family = categorical()) produced warnings.
    
    
     4. Failure: make_stancode accepts very long non-linear formulas (@tests.make_stancode.R#283)
     make_stancode(...) produced warnings.
    
    
     testthat results ================================================================
     OK: 2005 SKIPPED: 1 FAILED: 4
     1. Failure: amend_newdata handles factors correctly (@tests.data-helpers.R#93)
     2. Failure: make_stancode is silent for multivariate models (@tests.make_stancode.R#189)
     3. Failure: make_stancode is silent for categorical models (@tests.make_stancode.R#194)
     4. Failure: make_stancode accepts very long non-linear formulas (@tests.make_stancode.R#283)
    
     Error: testthat unit tests failed
     Execution halted
Flavor: r-devel-linux-x86_64-fedora-gcc

Version: 1.3.1
Flags: --no-stop-on-test-error
Check: tests
Result: ERROR
     Running ‘testthat.R’ [122s/162s]
    Running the tests in ‘tests/testthat.R’ failed.
    Complete output:
     > library(testthat)
     > library(brms)
     Loading required package: Rcpp
     Loading required package: ggplot2
     Loading 'brms' package (version 1.3.1). Useful instructions
     can be found by typing help('brms'). A more detailed introduction
     to the package is available through vignette('brms_overview').
     >
     > test_check("brms")
     1. Failure: amend_newdata handles factors correctly (@tests.data-helpers.R#93) -
     amend_newdata(newdata, fit) produced warnings.
    
    
     2. Failure: make_stancode is silent for multivariate models (@tests.make_stancode.R#189)
     make_stancode(cbind(y1, y2) ~ x, data = data) produced warnings.
    
    
     3. Failure: make_stancode is silent for categorical models (@tests.make_stancode.R#194)
     make_stancode(y ~ x, data = data, family = categorical()) produced warnings.
    
    
     4. Failure: make_stancode accepts very long non-linear formulas (@tests.make_stancode.R#283)
     make_stancode(...) produced warnings.
    
    
     testthat results ================================================================
     OK: 2005 SKIPPED: 1 FAILED: 4
     1. Failure: amend_newdata handles factors correctly (@tests.data-helpers.R#93)
     2. Failure: make_stancode is silent for multivariate models (@tests.make_stancode.R#189)
     3. Failure: make_stancode is silent for categorical models (@tests.make_stancode.R#194)
     4. Failure: make_stancode accepts very long non-linear formulas (@tests.make_stancode.R#283)
    
     Error: testthat unit tests failed
     Execution halted
Flavor: r-devel-macos-x86_64-clang

Version: 1.3.1
Check: tests
Result: ERROR
     Running 'testthat.R' [169s]
    Running the tests in 'tests/testthat.R' failed.
    Last 13 lines of output:
    
    
     4. Failure: make_stancode accepts very long non-linear formulas (@tests.make_stancode.R#283)
     make_stancode(...) produced warnings.
    
    
     testthat results ================================================================
     OK: 2005 SKIPPED: 1 FAILED: 4
     1. Failure: amend_newdata handles factors correctly (@tests.data-helpers.R#93)
     2. Failure: make_stancode is silent for multivariate models (@tests.make_stancode.R#189)
     3. Failure: make_stancode is silent for categorical models (@tests.make_stancode.R#194)
     4. Failure: make_stancode accepts very long non-linear formulas (@tests.make_stancode.R#283)
    
     Error: testthat unit tests failed
     Execution halted
Flavor: r-devel-windows-ix86+x86_64