CRAN Package Check Results for Package brms

Last updated on 2017-06-25 09:47:59.

Flavor Version Tinstall Tcheck Ttotal Status Flags
r-devel-linux-x86_64-debian-clang 1.7.0 7.02 194.06 201.07 OK
r-devel-linux-x86_64-debian-gcc 1.7.0 6.85 197.69 204.54 OK
r-devel-linux-x86_64-fedora-clang 1.7.0 396.07 OK
r-devel-linux-x86_64-fedora-gcc 1.7.0 383.80 OK
r-devel-windows-ix86+x86_64 1.7.0 37.00 426.00 463.00 OK
r-patched-linux-x86_64 1.7.0 6.56 201.35 207.91 OK
r-patched-solaris-sparc 1.7.0 2176.10 NOTE
r-patched-solaris-x86 1.7.0 442.90 NOTE
r-release-linux-x86_64 1.7.0 6.72 202.05 208.77 OK
r-release-windows-ix86+x86_64 1.7.0 29.00 453.00 482.00 OK
r-release-osx-x86_64 1.7.0 OK
r-oldrel-windows-ix86+x86_64 1.7.0 32.00 392.00 424.00 ERROR
r-oldrel-osx-x86_64 1.7.0 ERROR

Check Details

Version: 1.7.0
Check: installed package size
Result: NOTE
     installed size is 5.4Mb
     sub-directories of 1Mb or more:
     R 2.2Mb
     doc 2.6Mb
Flavors: r-patched-solaris-sparc, r-patched-solaris-x86

Version: 1.7.0
Check: tests
Result: ERROR
     Running 'testthat.R' [197s]
    Running the tests in 'tests/testthat.R' failed.
    Last 13 lines of output:
     Loading 'brms' package (version 1.7.0). Useful instructions
     can be found by typing help('brms'). A more detailed introduction
     to the package is available through vignette('brms_overview').
     >
     > test_check("brms")
     1. Failure: all S3 methods have reasonable ouputs (@tests.brmsfit-methods.R#145)
     p <- plot(hyp, plot = FALSE) produced warnings.
    
    
     testthat results ================================================================
     OK: 1089 SKIPPED: 1 FAILED: 1
     1. Failure: all S3 methods have reasonable ouputs (@tests.brmsfit-methods.R#145)
    
     Error: testthat unit tests failed
     Execution halted
Flavor: r-oldrel-windows-ix86+x86_64

Version: 1.7.0
Check: tests
Result: ERROR
    Running the tests in ‘tests/testthat.R’ failed.
    Last 13 lines of output:
     to the package is available through vignette('brms_overview').
     >
     > test_check("brms")
     1. Failure: all S3 methods have reasonable ouputs (@tests.brmsfit-methods.R#145)
     p <- plot(hyp, plot = FALSE) produced warnings.
    
    
     testthat results ================================================================
     OK: 1089 SKIPPED: 1 FAILED: 1
     1. Failure: all S3 methods have reasonable ouputs (@tests.brmsfit-methods.R#145)
    
     Error: testthat unit tests failed
     Execution halted
Flavor: r-oldrel-osx-x86_64