CRAN Package Check Results for Package brms

Last updated on 2017-10-21 18:47:03.

Flavor Version Tinstall Tcheck Ttotal Status Flags
r-devel-linux-x86_64-debian-clang 1.10.0 9.36 254.21 263.56 ERROR
r-devel-linux-x86_64-debian-gcc 1.10.2 11.68 293.02 304.71 OK
r-devel-linux-x86_64-fedora-clang 1.10.2 293.85 NOTE
r-devel-linux-x86_64-fedora-gcc 1.10.2 288.15 NOTE
r-devel-windows-ix86+x86_64 1.10.2 38.00 516.00 554.00 NOTE
r-patched-linux-x86_64 1.10.0 10.23 244.91 255.14 ERROR
r-patched-solaris-x86 1.10.2 556.30 NOTE
r-release-linux-x86_64 1.10.2 9.65 277.53 287.18 OK
r-release-windows-ix86+x86_64 1.10.0 35.00 537.00 572.00 ERROR
r-release-osx-x86_64 1.10.2 ERROR
r-oldrel-windows-ix86+x86_64 1.10.0 37.00 533.00 570.00 ERROR
r-oldrel-osx-x86_64 1.10.0 NOTE

Check Details

Version: 1.10.0
Check: tests
Result: ERROR
     Running ‘testthat.R’ [130s/130s]
    Running the tests in ‘tests/testthat.R’ failed.
    Complete output:
     > library(testthat)
     > library(brms)
     Loading required package: Rcpp
     Loading required package: ggplot2
     Loading 'brms' package (version 1.10.0). Useful instructions
     can be found by typing help('brms'). A more detailed introduction
     to the package is available through vignette('brms_overview').
     Run theme_set(theme_default()) to use the default bayesplot theme.
     >
     > test_check("brms")
     1. Failure: plotting functions don't throw unexpected errors (@tests.plots.R#13)
     p <- stanplot(fit, type = "trace", pars = "^b_") produced messages.
    
    
     testthat results ================================================================
     OK: 1195 SKIPPED: 1 FAILED: 1
     1. Failure: plotting functions don't throw unexpected errors (@tests.plots.R#13)
    
     Error: testthat unit tests failed
     Execution halted
Flavor: r-devel-linux-x86_64-debian-clang

Version: 1.10.2
Check: installed package size
Result: NOTE
     installed size is 5.3Mb
     sub-directories of 1Mb or more:
     R 2.2Mb
     doc 2.4Mb
Flavors: r-devel-linux-x86_64-fedora-clang, r-devel-linux-x86_64-fedora-gcc, r-devel-windows-ix86+x86_64, r-patched-solaris-x86

Version: 1.10.0
Check: tests
Result: ERROR
     Running ‘testthat.R’ [115s/115s]
    Running the tests in ‘tests/testthat.R’ failed.
    Complete output:
     > library(testthat)
     > library(brms)
     Loading required package: Rcpp
     Loading required package: ggplot2
     Loading 'brms' package (version 1.10.0). Useful instructions
     can be found by typing help('brms'). A more detailed introduction
     to the package is available through vignette('brms_overview').
     Run theme_set(theme_default()) to use the default bayesplot theme.
     >
     > test_check("brms")
     1. Failure: plotting functions don't throw unexpected errors (@tests.plots.R#13)
     p <- stanplot(fit, type = "trace", pars = "^b_") produced messages.
    
    
     testthat results ================================================================
     OK: 1195 SKIPPED: 1 FAILED: 1
     1. Failure: plotting functions don't throw unexpected errors (@tests.plots.R#13)
    
     Error: testthat unit tests failed
     Execution halted
Flavor: r-patched-linux-x86_64

Version: 1.10.0
Check: installed package size
Result: NOTE
     installed size is 5.2Mb
     sub-directories of 1Mb or more:
     R 2.2Mb
     doc 2.4Mb
Flavors: r-release-windows-ix86+x86_64, r-oldrel-windows-ix86+x86_64, r-oldrel-osx-x86_64

Version: 1.10.0
Check: tests
Result: ERROR
     Running 'testthat.R' [248s]
    Running the tests in 'tests/testthat.R' failed.
    Last 13 lines of output:
     can be found by typing help('brms'). A more detailed introduction
     to the package is available through vignette('brms_overview').
     Run theme_set(theme_default()) to use the default bayesplot theme.
     >
     > test_check("brms")
     1. Failure: plotting functions don't throw unexpected errors (@tests.plots.R#13)
     p <- stanplot(fit, type = "trace", pars = "^b_") produced messages.
    
    
     testthat results ================================================================
     OK: 1195 SKIPPED: 1 FAILED: 1
     1. Failure: plotting functions don't throw unexpected errors (@tests.plots.R#13)
    
     Error: testthat unit tests failed
     Execution halted
Flavor: r-release-windows-ix86+x86_64

Version: 1.10.2
Check: package dependencies
Result: ERROR
    Packages required and available but unsuitable versions:
     ‘bayesplot’ ‘shinystan’
    
    See section ‘The DESCRIPTION file’ in the ‘Writing R Extensions’
    manual.
Flavor: r-release-osx-x86_64

Version: 1.10.0
Check: tests
Result: ERROR
     Running 'testthat.R' [178s]
    Running the tests in 'tests/testthat.R' failed.
    Last 13 lines of output:
     can be found by typing help('brms'). A more detailed introduction
     to the package is available through vignette('brms_overview').
     Run theme_set(theme_default()) to use the default bayesplot theme.
     >
     > test_check("brms")
     1. Failure: plotting functions don't throw unexpected errors (@tests.plots.R#13)
     p <- stanplot(fit, type = "trace", pars = "^b_") produced messages.
    
    
     testthat results ================================================================
     OK: 1196 SKIPPED: 1 FAILED: 1
     1. Failure: plotting functions don't throw unexpected errors (@tests.plots.R#13)
    
     Error: testthat unit tests failed
     Execution halted
Flavor: r-oldrel-windows-ix86+x86_64