CRAN Package Check Results for Package brms

Last updated on 2019-05-26 16:48:17 CEST.

Flavor Version Tinstall Tcheck Ttotal Status Flags
r-devel-linux-x86_64-debian-clang 2.9.0 42.34 485.70 528.04 OK
r-devel-linux-x86_64-debian-gcc 2.9.0 37.64 371.81 409.45 OK
r-devel-linux-x86_64-fedora-clang 2.9.0 626.49 NOTE
r-devel-linux-x86_64-fedora-gcc 2.9.0 666.90 OK
r-devel-windows-ix86+x86_64 2.9.0 66.00 156.00 222.00 NOTE --no-examples --no-tests --no-vignettes
r-patched-linux-x86_64 2.9.0 OK
r-patched-solaris-x86 2.9.0 837.50 NOTE
r-release-linux-x86_64 2.9.0 43.01 478.18 521.19 OK
r-release-windows-ix86+x86_64 2.9.0 90.00 200.00 290.00 NOTE --no-examples --no-tests --no-vignettes
r-release-osx-x86_64 2.9.0 NOTE
r-oldrel-windows-ix86+x86_64 2.9.0 52.00 143.00 195.00 NOTE --no-examples --no-tests --no-vignettes
r-oldrel-osx-x86_64 2.9.0 NOTE

Additional issues

MKL

Check Details

Version: 2.9.0
Check: installed package size
Result: NOTE
     installed size is 6.4Mb
     sub-directories of 1Mb or more:
     R 2.9Mb
     doc 2.6Mb
Flavors: r-devel-linux-x86_64-fedora-clang, r-patched-solaris-x86, r-release-osx-x86_64, r-oldrel-osx-x86_64

Version: 2.9.0
Flags: --no-examples --no-tests --no-vignettes
Check: installed package size
Result: NOTE
     installed size is 6.4Mb
     sub-directories of 1Mb or more:
     R 2.9Mb
     doc 2.6Mb
Flavors: r-devel-windows-ix86+x86_64, r-release-windows-ix86+x86_64, r-oldrel-windows-ix86+x86_64