CRAN Package Check Results for Package brms

Last updated on 2017-04-29 23:50:12.

Flavor Version Tinstall Tcheck Ttotal Status Flags
r-devel-linux-x86_64-debian-clang 1.6.1 5.91 186.81 192.71 OK
r-devel-linux-x86_64-debian-gcc 1.6.1 6.30 181.96 188.25 OK
r-devel-linux-x86_64-fedora-clang 1.6.1 369.79 NOTE --no-stop-on-test-error
r-devel-linux-x86_64-fedora-gcc 1.6.1 357.75 NOTE --no-stop-on-test-error
r-devel-windows-ix86+x86_64 1.6.1 33.00 411.00 444.00 OK
r-patched-linux-x86_64 1.6.1 6.56 180.12 186.68 OK
r-patched-solaris-sparc 1.6.1 1953.20 NOTE
r-patched-solaris-x86 1.6.1 408.60 NOTE
r-release-linux-x86_64 1.6.1 5.87 180.13 186.00 OK
r-release-windows-ix86+x86_64 1.6.1 32.00 422.00 454.00 OK
r-release-osx-x86_64 1.6.1 ERROR
r-oldrel-windows-ix86+x86_64 1.6.1 28.00 372.00 400.00 OK
r-oldrel-osx-x86_64 1.6.1 NOTE

Check Details

Version: 1.6.1
Flags: --no-stop-on-test-error
Check: dependencies in R code
Result: NOTE
    Namespace in Imports field not imported from: ‘graphics’
     All declared Imports should be used.
Flavors: r-devel-linux-x86_64-fedora-clang, r-devel-linux-x86_64-fedora-gcc

Version: 1.6.1
Check: dependencies in R code
Result: NOTE
    Namespace in Imports field not imported from: ‘graphics’
     All declared Imports should be used.
Flavors: r-patched-solaris-sparc, r-patched-solaris-x86, r-oldrel-osx-x86_64

Version: 1.6.1
Check: package dependencies
Result: ERROR
    Package required but not available: ‘shinystan’
    
    See section ‘The DESCRIPTION file’ in the ‘Writing R Extensions’
    manual.
Flavor: r-release-osx-x86_64