CRAN Package Check Results for Package brms

Last updated on 2019-03-24 04:46:38 CET.

Flavor Version Tinstall Tcheck Ttotal Status Flags
r-devel-linux-x86_64-debian-clang 2.8.0 39.08 470.52 509.60 WARN
r-devel-linux-x86_64-debian-gcc 2.8.0 37.10 366.28 403.38 OK
r-devel-linux-x86_64-fedora-clang 2.8.0 646.03 NOTE
r-devel-linux-x86_64-fedora-gcc 2.8.0 582.25 OK
r-devel-windows-ix86+x86_64 2.8.0 96.00 274.00 370.00 NOTE --no-examples --no-tests --no-vignettes
r-patched-linux-x86_64 2.8.0 35.09 469.61 504.70 OK
r-patched-solaris-x86 2.8.0 877.70 NOTE
r-release-linux-x86_64 2.8.0 1.00 5.22 6.22 ERROR
r-release-windows-ix86+x86_64 2.8.0 60.00 189.00 249.00 NOTE --no-examples --no-tests --no-vignettes
r-release-osx-x86_64 2.8.0 NOTE
r-oldrel-windows-ix86+x86_64 2.8.0 33.00 269.00 302.00 NOTE --no-examples --no-tests --no-vignettes
r-oldrel-osx-x86_64 2.8.0 NOTE

Check Details

Version: 2.8.0
Check: whether package can be installed
Result: WARN
    Found the following significant warnings:
     Warning: unable to re-encode 'brm.R' line 225
     Warning: unable to re-encode 'brms-package.R' line 69
Flavor: r-devel-linux-x86_64-debian-clang

Version: 2.8.0
Check: installed package size
Result: NOTE
     installed size is 6.4Mb
     sub-directories of 1Mb or more:
     R 3.0Mb
     doc 2.4Mb
Flavors: r-devel-linux-x86_64-fedora-clang, r-patched-solaris-x86, r-release-osx-x86_64, r-oldrel-osx-x86_64

Version: 2.8.0
Flags: --no-examples --no-tests --no-vignettes
Check: installed package size
Result: NOTE
     installed size is 6.3Mb
     sub-directories of 1Mb or more:
     R 3.0Mb
     doc 2.4Mb
Flavors: r-devel-windows-ix86+x86_64, r-release-windows-ix86+x86_64, r-oldrel-windows-ix86+x86_64

Version: 2.8.0
Check: whether package can be installed
Result: ERROR
    Installation failed.
Flavor: r-release-linux-x86_64