CRAN Package Check Results for Package brms

Last updated on 2017-12-16 01:56:00 CET.

Flavor Version Tinstall Tcheck Ttotal Status Flags
r-devel-linux-x86_64-debian-clang 1.10.2 11.54 457.68 469.22 OK
r-devel-linux-x86_64-debian-gcc 2.0.0 11.36 324.60 335.96 OK
r-devel-linux-x86_64-fedora-clang 2.0.0 507.23 NOTE
r-devel-linux-x86_64-fedora-gcc 2.0.0 483.25 NOTE
r-devel-windows-ix86+x86_64 1.10.2 27.00 440.00 467.00 NOTE
r-patched-linux-x86_64 2.0.0 12.66 427.92 440.58 OK
r-patched-solaris-x86 2.0.0 528.00 NOTE
r-release-linux-x86_64 1.10.2 13.74 461.89 475.63 OK
r-release-windows-ix86+x86_64 1.10.2 30.00 424.00 454.00 NOTE
r-release-osx-x86_64 1.10.2 ERROR
r-oldrel-windows-ix86+x86_64 1.10.2 28.00 408.00 436.00 NOTE
r-oldrel-osx-x86_64 1.10.2 NOTE

Check Details

Version: 2.0.0
Check: installed package size
Result: NOTE
     installed size is 5.4Mb
     sub-directories of 1Mb or more:
     R 2.3Mb
     doc 2.4Mb
Flavors: r-devel-linux-x86_64-fedora-clang, r-devel-linux-x86_64-fedora-gcc, r-patched-solaris-x86

Version: 1.10.2
Check: installed package size
Result: NOTE
     installed size is 5.2Mb
     sub-directories of 1Mb or more:
     R 2.2Mb
     doc 2.4Mb
Flavors: r-devel-windows-ix86+x86_64, r-release-windows-ix86+x86_64, r-oldrel-windows-ix86+x86_64, r-oldrel-osx-x86_64

Version: 1.10.2
Check: package dependencies
Result: ERROR
    Packages required and available but unsuitable versions:
     ‘bayesplot’ ‘shinystan’
    
    See section ‘The DESCRIPTION file’ in the ‘Writing R Extensions’
    manual.
Flavor: r-release-osx-x86_64