CRAN Package Check Results for Package brms

Last updated on 2017-08-16 16:46:26.

Flavor Version Tinstall Tcheck Ttotal Status Flags
r-devel-linux-x86_64-debian-clang 1.8.0 6.80 204.72 211.51 OK
r-devel-linux-x86_64-debian-gcc 1.8.0 7.36 193.31 200.67 OK
r-devel-linux-x86_64-fedora-clang 1.9.0 250.86 OK
r-devel-linux-x86_64-fedora-gcc 1.9.0 245.98 OK
r-devel-windows-ix86+x86_64 1.9.0 32.00 397.00 429.00 OK
r-patched-linux-x86_64 1.9.0 9.85 240.08 249.93 OK
r-patched-solaris-x86 1.9.0 502.00 NOTE
r-release-linux-x86_64 1.8.0 6.95 212.85 219.80 OK
r-release-windows-ix86+x86_64 1.9.0 10.00 7.00 17.00 ERROR
r-release-osx-x86_64 1.9.0 ERROR
r-oldrel-windows-ix86+x86_64 1.8.0 20.00 288.00 308.00 OK
r-oldrel-osx-x86_64 1.8.0 OK

Check Details

Version: 1.9.0
Check: installed package size
Result: NOTE
     installed size is 5.3Mb
     sub-directories of 1Mb or more:
     R 2.1Mb
     doc 2.6Mb
Flavor: r-patched-solaris-x86

Version: 1.9.0
Check: whether package can be installed
Result: ERROR
    Installation failed.
Flavor: r-release-windows-ix86+x86_64

Version: 1.9.0
Check: package dependencies
Result: ERROR
    Packages required and available but unsuitable versions:
     ‘bayesplot’ ‘shinystan’
    
    See section ‘The DESCRIPTION file’ in the ‘Writing R Extensions’
    manual.
Flavor: r-release-osx-x86_64