Last updated on 2022-05-21 07:07:26 CEST.
Flavor | Version | Tinstall | Tcheck | Ttotal | Status | Flags |
---|---|---|---|---|---|---|
r-devel-linux-x86_64-debian-clang | 0.2.0 | 79.79 | 225.28 | 305.07 | OK | |
r-devel-linux-x86_64-debian-gcc | 0.2.0 | 76.28 | 169.97 | 246.25 | OK | |
r-devel-linux-x86_64-fedora-clang | 0.2.0 | 431.80 | OK | |||
r-devel-linux-x86_64-fedora-gcc | 0.2.0 | 410.26 | OK | |||
r-devel-windows-x86_64 | 0.2.0 | 95.00 | 239.00 | 334.00 | OK | |
r-patched-linux-x86_64 | 0.1.1 | 75.68 | 205.71 | 281.39 | OK | |
r-release-linux-x86_64 | 0.1.1 | 52.16 | 209.48 | 261.64 | OK | |
r-release-macos-arm64 | 0.2.0 | 109.00 | NOTE | |||
r-release-macos-x86_64 | 0.2.0 | 134.00 | NOTE | |||
r-release-windows-x86_64 | 0.2.0 | 140.00 | 236.00 | 376.00 | OK | |
r-oldrel-macos-arm64 | 0.2.0 | 94.00 | NOTE | |||
r-oldrel-macos-x86_64 | 0.2.0 | 136.00 | NOTE | |||
r-oldrel-windows-ix86+x86_64 | 0.2.0 | 215.00 | 323.00 | 538.00 | NOTE |
Version: 0.2.0
Check: installed package size
Result: NOTE
installed size is 5.4Mb
sub-directories of 1Mb or more:
doc 2.7Mb
libs 2.5Mb
Flavors: r-release-macos-arm64, r-release-macos-x86_64, r-oldrel-macos-arm64, r-oldrel-macos-x86_64, r-oldrel-windows-ix86+x86_64