CRAN Package Check Results for Package broom

Last updated on 2018-07-22 03:48:17 CEST.

Flavor Version Tinstall Tcheck Ttotal Status Flags
r-devel-linux-x86_64-debian-clang 0.5.0 7.48 214.29 221.77 OK
r-devel-linux-x86_64-debian-gcc 0.5.0 6.94 166.18 173.12 OK
r-devel-linux-x86_64-fedora-clang 0.5.0 267.52 OK
r-devel-linux-x86_64-fedora-gcc 0.5.0 262.04 OK
r-devel-windows-ix86+x86_64 0.5.0 23.00 218.00 241.00 OK
r-patched-linux-x86_64 0.5.0 ERROR
r-patched-solaris-x86 0.5.0 314.10 OK
r-release-linux-x86_64 0.5.0 7.47 153.90 161.37 ERROR
r-release-windows-ix86+x86_64 0.5.0 28.00 301.00 329.00 OK
r-release-osx-x86_64 0.5.0 OK
r-oldrel-windows-ix86+x86_64 0.5.0 14.00 304.00 318.00 OK
r-oldrel-osx-x86_64 0.5.0 ERROR

Check Details

Version: 0.5.0
Check: examples
Result: ERROR
    Running examples in ‘broom-Ex.R’ failed
    The error most likely occurred in:
    
    > base::assign(".ptime", proc.time(), pos = "CheckExEnv")
    > ### Name: tidy.biglm
    > ### Title: Tidy a(n) biglm object
    > ### Aliases: tidy.biglm
    >
    > ### ** Examples
    >
    >
    > if (require("biglm", quietly = TRUE)) {
    + bfit <- biglm(mpg ~ wt + disp, mtcars)
    + tidy(bfit)
    + tidy(bfit, conf.int = TRUE)
    + tidy(bfit, conf.int = TRUE, conf.level = .9)
    +
    + glance(bfit)
    +
    + # bigglm: logistic regression
    + bgfit <- bigglm(am ~ mpg, mtcars, family = binomial())
    + tidy(bgfit)
    + tidy(bgfit, exponentiate = TRUE)
    + tidy(bgfit, conf.int = TRUE)
    + tidy(bgfit, conf.int = TRUE, conf.level = .9)
    + tidy(bgfit, conf.int = TRUE, conf.level = .9, exponentiate = TRUE)
    +
    + glance(bgfit)
    + }
    Error in UseMethod("bigglm", data) :
     no applicable method for 'bigglm' applied to an object of class "data.frame"
    Calls: bigglm -> bigglm
    Execution halted
Flavors: r-patched-linux-x86_64, r-release-linux-x86_64

Version: 0.5.0
Check: tests
Result: ERROR
     Running ‘test-all.R’ [29s/40s]
    Running the tests in ‘tests/test-all.R’ failed.
    Complete output:
     > library(testthat)
     > test_check("broom")
     Loading required package: broom
     ── 1. Error: (unknown) (@test-biglm.R#7) ──────────────────────────────────────
     no applicable method for 'bigglm' applied to an object of class "data.frame"
     1: bigglm(am ~ mpg, mtcars, family = binomial()) at testthat/test-biglm.R:7
     2: bigglm(am ~ mpg, mtcars, family = binomial())
    
     ══ testthat results ═══════════════════════════════════════════════════════════
     OK: 911 SKIPPED: 2 FAILED: 1
     1. Error: (unknown) (@test-biglm.R#7)
    
     Error: testthat unit tests failed
     Execution halted
Flavor: r-patched-linux-x86_64

Version: 0.5.0
Check: tests
Result: ERROR
     Running ‘test-all.R’ [30s/39s]
    Running the tests in ‘tests/test-all.R’ failed.
    Complete output:
     > library(testthat)
     > test_check("broom")
     Loading required package: broom
     ── 1. Error: (unknown) (@test-biglm.R#7) ──────────────────────────────────────
     no applicable method for 'bigglm' applied to an object of class "data.frame"
     1: bigglm(am ~ mpg, mtcars, family = binomial()) at testthat/test-biglm.R:7
     2: bigglm(am ~ mpg, mtcars, family = binomial())
    
     ══ testthat results ═══════════════════════════════════════════════════════════
     OK: 911 SKIPPED: 2 FAILED: 1
     1. Error: (unknown) (@test-biglm.R#7)
    
     Error: testthat unit tests failed
     Execution halted
Flavor: r-release-linux-x86_64

Version: 0.5.0
Check: examples
Result: ERROR
    Running examples in ‘broom-Ex.R’ failed
    The error most likely occurred in:
    
    > ### Name: tidy.gamlss
    > ### Title: Tidy a(n) gamlss object
    > ### Aliases: tidy.gamlss
    >
    > ### ** Examples
    >
    >
    > library(gamlss)
    Loading required package: splines
    Loading required package: gamlss.data
    Loading required package: gamlss.dist
    Loading required package: MASS
    Error: package or namespace load failed for ‘gamlss.dist’ in dyn.load(file, DLLpath = DLLpath, ...):
     unable to load shared object '/Volumes/SSD-Data/Builds/R-dev-web/QA/Simon/packages/el-capitan-x86_64/Rlib/3.4/gamlss.dist/libs/gamlss.dist.so':
     `maximal number of DLLs reached...
    Error: package ‘gamlss.dist’ could not be loaded
    Execution halted
Flavor: r-oldrel-osx-x86_64