CRAN Package Check Results for Package broom

Last updated on 2019-01-17 20:46:56 CET.

Flavor Version Tinstall Tcheck Ttotal Status Flags
r-devel-linux-x86_64-debian-clang 0.5.1 8.34 232.96 241.30 OK
r-devel-linux-x86_64-debian-gcc 0.5.1 7.43 173.71 181.14 OK
r-devel-linux-x86_64-fedora-clang 0.5.1 303.74 OK
r-devel-linux-x86_64-fedora-gcc 0.5.1 263.30 OK
r-devel-windows-ix86+x86_64 0.5.1 21.00 359.00 380.00 OK
r-patched-linux-x86_64 0.5.1 7.41 147.88 155.29 ERROR
r-patched-solaris-x86 0.5.1 371.70 OK
r-release-linux-x86_64 0.5.1 9.23 148.25 157.48 ERROR
r-release-windows-ix86+x86_64 0.5.1 22.00 336.00 358.00 OK
r-release-osx-x86_64 0.5.1 OK
r-oldrel-windows-ix86+x86_64 0.5.1 13.00 271.00 284.00 OK
r-oldrel-osx-x86_64 0.5.1 ERROR

Check Details

Version: 0.5.1
Check: examples
Result: ERROR
    Running examples in ‘broom-Ex.R’ failed
    The error most likely occurred in:
    
    > base::assign(".ptime", proc.time(), pos = "CheckExEnv")
    > ### Name: tidy.biglm
    > ### Title: Tidy a(n) biglm object
    > ### Aliases: tidy.biglm
    >
    > ### ** Examples
    >
    >
    > if (require("biglm", quietly = TRUE)) {
    + bfit <- biglm(mpg ~ wt + disp, mtcars)
    + tidy(bfit)
    + tidy(bfit, conf.int = TRUE)
    + tidy(bfit, conf.int = TRUE, conf.level = .9)
    +
    + glance(bfit)
    +
    + # bigglm: logistic regression
    + bgfit <- bigglm(am ~ mpg, mtcars, family = binomial())
    + tidy(bgfit)
    + tidy(bgfit, exponentiate = TRUE)
    + tidy(bgfit, conf.int = TRUE)
    + tidy(bgfit, conf.int = TRUE, conf.level = .9)
    + tidy(bgfit, conf.int = TRUE, conf.level = .9, exponentiate = TRUE)
    +
    + glance(bgfit)
    + }
    Error in UseMethod("bigglm", data) :
     no applicable method for 'bigglm' applied to an object of class "data.frame"
    Calls: bigglm -> bigglm
    Execution halted
Flavors: r-patched-linux-x86_64, r-release-linux-x86_64

Version: 0.5.1
Check: tests
Result: ERROR
     Running ‘test-all.R’ [30s/35s]
    Running the tests in ‘tests/test-all.R’ failed.
    Complete output:
     > library(testthat)
     > test_check("broom")
     Loading required package: broom
     ── 1. Error: (unknown) (@test-biglm.R#7) ──────────────────────────────────────
     no applicable method for 'bigglm' applied to an object of class "data.frame"
     1: bigglm(am ~ mpg, mtcars, family = binomial()) at testthat/test-biglm.R:7
     2: bigglm(am ~ mpg, mtcars, family = binomial())
    
     ══ testthat results ═══════════════════════════════════════════════════════════
     OK: 904 SKIPPED: 2 FAILED: 1
     1. Error: (unknown) (@test-biglm.R#7)
    
     Error: testthat unit tests failed
     Execution halted
Flavor: r-patched-linux-x86_64

Version: 0.5.1
Check: tests
Result: ERROR
     Running ‘test-all.R’ [29s/35s]
    Running the tests in ‘tests/test-all.R’ failed.
    Complete output:
     > library(testthat)
     > test_check("broom")
     Loading required package: broom
     ── 1. Error: (unknown) (@test-biglm.R#7) ──────────────────────────────────────
     no applicable method for 'bigglm' applied to an object of class "data.frame"
     1: bigglm(am ~ mpg, mtcars, family = binomial()) at testthat/test-biglm.R:7
     2: bigglm(am ~ mpg, mtcars, family = binomial())
    
     ══ testthat results ═══════════════════════════════════════════════════════════
     OK: 904 SKIPPED: 2 FAILED: 1
     1. Error: (unknown) (@test-biglm.R#7)
    
     Error: testthat unit tests failed
     Execution halted
Flavor: r-release-linux-x86_64

Version: 0.5.1
Check: examples
Result: ERROR
    Running examples in ‘broom-Ex.R’ failed
    The error most likely occurred in:
    
    > ### Name: tidy.garch
    > ### Title: Tidy a(n) garch object
    > ### Aliases: tidy.garch garch_tidiers
    >
    > ### ** Examples
    >
    >
    > library(tseries)
    Error: package or namespace load failed for ‘tseries’ in dyn.load(file, DLLpath = DLLpath, ...):
     unable to load shared object '/Volumes/SSD-Data/Builds/R-dev-web/QA/Simon/packages/el-capitan-x86_64/Rlib/3.4/quadprog/libs/quadprog.so':
     `maximal number of DLLs reached...
    Execution halted
Flavor: r-oldrel-osx-x86_64