CRAN Package Check Results for Package broom.mixed

Last updated on 2019-08-26 11:48:40 CEST.

Flavor Version Tinstall Tcheck Ttotal Status Flags
r-devel-linux-x86_64-debian-clang 0.2.4 10.21 143.67 153.88 NOTE
r-devel-linux-x86_64-debian-gcc 0.2.4 9.08 108.31 117.39 NOTE
r-devel-linux-x86_64-fedora-clang 0.2.4 177.03 NOTE
r-devel-linux-x86_64-fedora-gcc 0.2.4 179.53 NOTE
r-devel-windows-ix86+x86_64 0.2.4 37.00 163.00 200.00 NOTE
r-patched-linux-x86_64 0.2.4 9.08 138.95 148.03 NOTE
r-patched-solaris-x86 0.2.4 262.90 NOTE
r-release-linux-x86_64 0.2.4 9.27 138.98 148.25 NOTE
r-release-windows-ix86+x86_64 0.2.4 28.00 216.00 244.00 NOTE
r-release-osx-x86_64 0.2.4 NOTE
r-oldrel-windows-ix86+x86_64 0.2.4 20.00 214.00 234.00 NOTE
r-oldrel-osx-x86_64 0.2.4 NOTE

Check Details

Version: 0.2.4
Check: package dependencies
Result: NOTE
    Package suggested but not available for checking: 'glmmADMB'
Flavors: r-devel-linux-x86_64-debian-clang, r-devel-linux-x86_64-debian-gcc, r-devel-linux-x86_64-fedora-clang, r-devel-linux-x86_64-fedora-gcc, r-devel-windows-ix86+x86_64, r-patched-linux-x86_64, r-patched-solaris-x86, r-release-linux-x86_64, r-release-windows-ix86+x86_64, r-release-osx-x86_64, r-oldrel-windows-ix86+x86_64, r-oldrel-osx-x86_64