CRAN Package Check Results for Package broomExtra

Last updated on 2021-04-13 17:47:36 CEST.

Flavor Version Tinstall Tcheck Ttotal Status Flags
r-devel-linux-x86_64-debian-clang 4.2.1 10.00 121.01 131.01 NOTE
r-devel-linux-x86_64-debian-gcc 4.2.1 8.22 90.74 98.96 NOTE
r-devel-linux-x86_64-fedora-clang 4.2.1 161.15 NOTE
r-devel-linux-x86_64-fedora-gcc 4.2.1 151.69 NOTE
r-devel-windows-ix86+x86_64 4.2.1 27.00 133.00 160.00 NOTE
r-devel-windows-x86_64-gcc10-UCRT 4.2.1 NOTE
r-patched-linux-x86_64 4.2.1 11.22 114.61 125.83 OK
r-patched-solaris-x86 4.2.1 224.50 OK
r-release-linux-x86_64 4.2.1 11.05 112.87 123.92 OK
r-release-macos-x86_64 4.2.1 OK
r-release-windows-ix86+x86_64 4.2.1 29.00 146.00 175.00 OK
r-oldrel-macos-x86_64 4.2.1 OK
r-oldrel-windows-ix86+x86_64 4.2.1 17.00 91.00 108.00 OK

Check Details

Version: 4.2.1
Check: LazyData
Result: NOTE
     'LazyData' is specified without a 'data' directory
Flavors: r-devel-linux-x86_64-debian-clang, r-devel-linux-x86_64-debian-gcc, r-devel-linux-x86_64-fedora-clang, r-devel-linux-x86_64-fedora-gcc, r-devel-windows-ix86+x86_64, r-devel-windows-x86_64-gcc10-UCRT