CRAN Package Check Results for Package broomExtra

Last updated on 2019-10-16 18:48:53 CEST.

Flavor Version Tinstall Tcheck Ttotal Status Flags
r-devel-linux-x86_64-debian-clang 0.0.5 10.12 122.20 132.32 OK
r-devel-linux-x86_64-debian-gcc 0.0.5 8.19 93.43 101.62 OK
r-devel-linux-x86_64-fedora-clang 0.0.5 152.34 NOTE
r-devel-linux-x86_64-fedora-gcc 0.0.5 157.06 NOTE
r-devel-windows-ix86+x86_64 0.0.5 40.00 149.00 189.00 OK
r-patched-linux-x86_64 0.0.5 8.57 115.79 124.36 OK
r-patched-solaris-x86 0.0.5 243.90 NOTE
r-release-linux-x86_64 0.0.5 9.05 115.54 124.59 OK
r-release-windows-ix86+x86_64 0.0.5 21.00 143.00 164.00 OK
r-release-osx-x86_64 0.0.5 NOTE
r-oldrel-windows-ix86+x86_64 0.0.5 14.00 116.00 130.00 OK
r-oldrel-osx-x86_64 0.0.5 NOTE

Check Details

Version: 0.0.5
Check: dependencies in R code
Result: NOTE
    Namespace in Imports field not imported from: ‘utils’
     All declared Imports should be used.
Flavors: r-devel-linux-x86_64-fedora-clang, r-devel-linux-x86_64-fedora-gcc, r-patched-solaris-x86, r-release-osx-x86_64, r-oldrel-osx-x86_64