CRAN Package Check Results for Package broomExtra

Last updated on 2019-07-19 12:55:18 CEST.

Flavor Version Tinstall Tcheck Ttotal Status Flags
r-devel-linux-x86_64-debian-clang 0.0.4 8.97 119.12 128.09 OK
r-devel-linux-x86_64-debian-gcc 0.0.4 7.18 93.34 100.52 OK
r-devel-linux-x86_64-fedora-clang 0.0.4 151.58 OK
r-devel-linux-x86_64-fedora-gcc 0.0.4 151.67 OK
r-devel-windows-ix86+x86_64 0.0.4 33.00 177.00 210.00 OK
r-patched-linux-x86_64 0.0.4 9.08 114.84 123.92 OK
r-patched-solaris-x86 0.0.4 245.50 OK
r-release-linux-x86_64 0.0.4 9.40 113.73 123.13 OK
r-release-windows-ix86+x86_64 0.0.4 17.00 133.00 150.00 OK
r-release-osx-x86_64 0.0.4 OK
r-oldrel-windows-ix86+x86_64 0.0.4 12.00 178.00 190.00 ERROR
r-oldrel-osx-x86_64 0.0.4 ERROR

Check Details

Version: 0.0.4
Check: tests
Result: ERROR
     Running 'spelling.R' [0s]
     Running 'testthat.R' [22s]
    Running the tests in 'tests/testthat.R' failed.
    Complete output:
     > library(testthat)
     > library(broomExtra)
     >
     > test_check("broomExtra")
     -- 1. Failure: `boot_tidy()` works (@test_boot_generics.R#43) -----------------
     df_summary$sd[1] not equal to 0.872.
     1/1 mismatches
     [1] 0.655 - 0.872 == -0.217
    
     == testthat results ===========================================================
     OK: 25 SKIPPED: 0 WARNINGS: 0 FAILED: 1
     1. Failure: `boot_tidy()` works (@test_boot_generics.R#43)
    
     Error: testthat unit tests failed
     Execution halted
Flavor: r-oldrel-windows-ix86+x86_64

Version: 0.0.4
Check: tests
Result: ERROR
     Running ‘spelling.R’ [0s/0s]
     Running ‘testthat.R’ [15s/15s]
    Running the tests in ‘tests/testthat.R’ failed.
    Last 13 lines of output:
     Current Matrix version is 1.2.17
     Please re-install 'TMB' from source using install.packages('TMB', type = 'source') or ask CRAN for a binary version of 'TMB' matching CRAN's 'Matrix' package
     >
     > test_check("broomExtra")
     ── 1. Failure: `boot_tidy()` works (@test_boot_generics.R#43) ─────────────────
     df_summary$sd[1] not equal to 0.872.
     1/1 mismatches
     [1] 0.655 - 0.872 == -0.217
    
     ══ testthat results ═══════════════════════════════════════════════════════════
     OK: 25 SKIPPED: 0 WARNINGS: 0 FAILED: 1
     1. Failure: `boot_tidy()` works (@test_boot_generics.R#43)
    
     Error: testthat unit tests failed
     Execution halted
Flavor: r-oldrel-osx-x86_64