CRAN Package Check Results for Package brt

Last updated on 2019-02-17 09:47:29 CET.

Flavor Version Tinstall Tcheck Ttotal Status Flags
r-devel-linux-x86_64-debian-clang 1.3.0 2.64 152.82 155.46 OK
r-devel-linux-x86_64-debian-gcc 1.3.0 2.01 112.26 114.27 OK
r-devel-linux-x86_64-fedora-clang 1.3.0 194.97 OK
r-devel-linux-x86_64-fedora-gcc 1.3.0 182.37 OK
r-devel-windows-ix86+x86_64 1.3.0 10.00 225.00 235.00 OK
r-patched-linux-x86_64 1.3.0 1.91 142.63 144.54 OK
r-patched-solaris-x86 1.3.0 286.10 OK
r-release-linux-x86_64 1.3.0 OK
r-release-windows-ix86+x86_64 1.3.0 5.00 155.00 160.00 OK
r-release-osx-x86_64 1.3.0 NOTE
r-oldrel-windows-ix86+x86_64 1.3.0 12.00 482.00 494.00 OK
r-oldrel-osx-x86_64 1.3.0 NOTE

Check Details

Version: 1.3.0
Check: package dependencies
Result: NOTE
    Package suggested but not available for checking: ‘pasilla’
Flavors: r-release-osx-x86_64, r-oldrel-osx-x86_64