CRAN Package Check Results for Package brt

Last updated on 2019-04-20 12:50:48 CEST.

Flavor Version Tinstall Tcheck Ttotal Status Flags
r-devel-linux-x86_64-debian-clang 1.3.0 3.34 152.48 155.82 OK
r-devel-linux-x86_64-debian-gcc 1.3.0 3.31 114.19 117.50 OK
r-devel-linux-x86_64-fedora-clang 1.3.0 181.43 OK
r-devel-linux-x86_64-fedora-gcc 1.3.0 181.09 OK
r-devel-windows-ix86+x86_64 1.3.0 15.00 204.00 219.00 OK
r-patched-linux-x86_64 1.3.0 2.80 143.10 145.90 OK
r-patched-solaris-x86 1.3.0 307.50 OK
r-release-linux-x86_64 1.3.0 2.51 146.76 149.27 OK
r-release-windows-ix86+x86_64 1.3.0 5.00 207.00 212.00 OK
r-release-osx-x86_64 1.3.0 NOTE
r-oldrel-windows-ix86+x86_64 1.3.0 12.00 273.00 285.00 OK
r-oldrel-osx-x86_64 1.3.0 NOTE

Check Details

Version: 1.3.0
Check: package dependencies
Result: NOTE
    Package suggested but not available for checking: ‘pasilla’
Flavors: r-release-osx-x86_64, r-oldrel-osx-x86_64