CRAN Package Check Results for Package brxx

Last updated on 2021-04-12 20:47:34 CEST.

Flavor Version Tinstall Tcheck Ttotal Status Flags
r-devel-linux-x86_64-debian-clang 0.1.2 19.50 174.72 194.22 NOTE
r-devel-linux-x86_64-debian-gcc 0.1.2 14.50 130.62 145.12 NOTE
r-devel-linux-x86_64-fedora-clang 0.1.2 237.78 NOTE
r-devel-linux-x86_64-fedora-gcc 0.1.2 228.03 NOTE
r-devel-windows-ix86+x86_64 0.1.2 49.00 204.00 253.00 NOTE
r-devel-windows-x86_64-gcc10-UCRT 0.1.2 NOTE
r-patched-linux-x86_64 0.1.2 18.64 160.21 178.85 OK
r-patched-solaris-x86 0.1.2 343.60 OK
r-release-linux-x86_64 0.1.2 18.42 157.76 176.18 OK
r-release-macos-x86_64 0.1.2 OK
r-release-windows-ix86+x86_64 0.1.2 57.00 210.00 267.00 OK
r-oldrel-macos-x86_64 0.1.2 OK
r-oldrel-windows-ix86+x86_64 0.1.2 30.00 142.00 172.00 OK

Check Details

Version: 0.1.2
Check: LazyData
Result: NOTE
     'LazyData' is specified without a 'data' directory
Flavors: r-devel-linux-x86_64-debian-clang, r-devel-linux-x86_64-debian-gcc, r-devel-linux-x86_64-fedora-clang, r-devel-linux-x86_64-fedora-gcc, r-devel-windows-ix86+x86_64, r-devel-windows-x86_64-gcc10-UCRT