CRAN Package Check Results for Package bs4Dash

Last updated on 2019-04-20 10:47:31 CEST.

Flavor Version Tinstall Tcheck Ttotal Status Flags
r-devel-linux-x86_64-debian-clang 0.3.0 4.08 31.83 35.91 OK
r-devel-linux-x86_64-debian-gcc 0.3.0 3.82 28.83 32.65 OK
r-devel-linux-x86_64-fedora-clang 0.3.0 42.15 OK
r-devel-linux-x86_64-fedora-gcc 0.3.0 40.71 OK
r-devel-windows-ix86+x86_64 0.3.0 11.00 55.00 66.00 OK
r-patched-linux-x86_64 0.3.0 3.49 32.07 35.56 OK
r-patched-solaris-x86 0.3.0 65.40 NOTE
r-release-linux-x86_64 0.3.0 3.56 28.29 31.85 OK
r-release-windows-ix86+x86_64 0.3.0 5.00 41.00 46.00 OK
r-release-osx-x86_64 0.3.0 OK
r-oldrel-windows-ix86+x86_64 0.3.0 4.00 58.00 62.00 OK
r-oldrel-osx-x86_64 0.2.0 OK

Check Details

Version: 0.3.0
Check: installed package size
Result: NOTE
     installed size is 5.5Mb
     sub-directories of 1Mb or more:
     doc 2.2Mb
     help 1.8Mb
Flavor: r-patched-solaris-x86