CRAN Package Check Results for Package bs4Dash

Last updated on 2019-07-17 18:47:57 CEST.

Flavor Version Tinstall Tcheck Ttotal Status Flags
r-devel-linux-x86_64-debian-clang 0.3.0 4.08 30.99 35.07 OK
r-devel-linux-x86_64-debian-gcc 0.3.0 3.06 25.47 28.53 OK
r-devel-linux-x86_64-fedora-clang 0.3.0 41.65 OK
r-devel-linux-x86_64-fedora-gcc 0.3.0 40.24 OK
r-devel-windows-ix86+x86_64 0.3.0 10.00 68.00 78.00 OK
r-patched-linux-x86_64 0.3.0 3.71 31.37 35.08 OK
r-patched-solaris-x86 0.3.0 65.20 NOTE
r-release-linux-x86_64 0.3.0 3.88 31.43 35.31 OK
r-release-windows-ix86+x86_64 0.3.0 8.00 65.00 73.00 OK
r-release-osx-x86_64 0.3.0 OK
r-oldrel-windows-ix86+x86_64 0.3.0 5.00 60.00 65.00 OK
r-oldrel-osx-x86_64 0.3.0 OK

Check Details

Version: 0.3.0
Check: installed package size
Result: NOTE
     installed size is 5.5Mb
     sub-directories of 1Mb or more:
     doc 2.2Mb
     help 1.8Mb
Flavor: r-patched-solaris-x86