CRAN Package Check Results for Package bsearchtools

Last updated on 2024-07-13 15:48:56 CEST.

Flavor Version Tinstall Tcheck Ttotal Status Flags
r-devel-linux-x86_64-debian-clang 0.0.61 24.10 32.09 56.19 OK
r-devel-linux-x86_64-debian-gcc 0.0.61 17.41 24.49 41.90 OK
r-devel-linux-x86_64-fedora-clang 0.0.61 77.32 NOTE
r-devel-linux-x86_64-fedora-gcc 0.0.61 77.61 OK
r-devel-windows-x86_64 0.0.61 20.00 68.00 88.00 OK
r-patched-linux-x86_64 0.0.61 20.44 30.68 51.12 OK
r-release-linux-x86_64 0.0.61 20.67 30.60 51.27 OK
r-release-macos-arm64 0.0.61 23.00 OK
r-release-macos-x86_64 0.0.61 33.00 OK
r-release-windows-x86_64 0.0.61 20.00 68.00 88.00 OK
r-oldrel-macos-arm64 0.0.61 25.00 OK
r-oldrel-macos-x86_64 0.0.61 37.00 OK
r-oldrel-windows-x86_64 0.0.61 23.00 75.00 98.00 OK

Check Details

Version: 0.0.61
Check: Rd cross-references
Result: NOTE Undeclared package ‘data.table’ in Rd xrefs Flavor: r-devel-linux-x86_64-fedora-clang