CRAN Package Check Results for Package bslib

Last updated on 2021-06-13 09:49:11 CEST.

Flavor Version Tinstall Tcheck Ttotal Status Flags
r-devel-linux-x86_64-debian-clang 0.2.5.1 5.25 95.30 100.55 OK
r-devel-linux-x86_64-debian-gcc 0.2.5.1 4.46 73.04 77.50 OK
r-devel-linux-x86_64-fedora-clang 0.2.5.1 125.68 NOTE
r-devel-linux-x86_64-fedora-gcc 0.2.5.1 125.52 OK
r-devel-windows-x86_64 0.2.5.1 11.00 151.00 162.00 NOTE
r-devel-windows-x86_64-gcc10-UCRT 0.2.5.1 OK
r-patched-linux-x86_64 0.2.5.1 8.39 94.23 102.62 OK
r-patched-solaris-x86 0.2.5.1 127.50 NOTE
r-release-linux-x86_64 0.2.5.1 5.67 95.05 100.72 OK
r-release-macos-arm64 0.2.5.1 NOTE
r-release-macos-x86_64 0.2.5.1 NOTE
r-release-windows-ix86+x86_64 0.2.5.1 10.00 136.00 146.00 ERROR
r-oldrel-macos-x86_64 0.2.5.1 NOTE
r-oldrel-windows-ix86+x86_64 0.2.5.1 10.00 140.00 150.00 NOTE

Check Details

Version: 0.2.5.1
Check: installed package size
Result: NOTE
     installed size is 7.6Mb
     sub-directories of 1Mb or more:
     fonts 2.4Mb
     lib 3.9Mb
Flavors: r-devel-linux-x86_64-fedora-clang, r-devel-windows-x86_64, r-patched-solaris-x86, r-release-macos-arm64, r-release-macos-x86_64, r-release-windows-ix86+x86_64, r-oldrel-macos-x86_64, r-oldrel-windows-ix86+x86_64

Version: 0.2.5.1
Check: tests
Result: ERROR
     Running 'testthat.R' [80s]
    Running the tests in 'tests/testthat.R' failed.
    Complete output:
     > library(testthat)
     > library(bslib)
     >
     > test_check("bslib")
     == Skipped tests ===============================================================
     * On CRAN (3)
    
     == Failed tests ================================================================
     -- Failure (test-remove.R:12:3): Can remove rules ------------------------------
     bs_size(b) > bs_size(c) is not TRUE
    
     `actual`: FALSE
     `expected`: TRUE
     -- Failure (test-theme-update.R:55:3): bs_theme_update() can update the bootswatch theme --
     sass::sass(default) (`actual`) not identical to sass::sass(bs_theme()) (`expected`).
    
     lines(actual[[1]]) | lines(expected[[1]])
     [1] ":root {" -
     [2] " --blue: #007bff;" -
     [3] " --indigo: #6610f2;" -
     [4] " --purple: #6f42c1;" -
     [5] " --pink: #e83e8c;" -
     [6] " --red: #dc3545;" -
     [7] " --orange: #fd7e14;" -
     [8] " --yellow: #ffc107;" -
     [9] " --green: #28a745;" -
     [10] " --teal: #20c997;" -
     ... ... ... and 11598 more ...
    
     [ FAIL 2 | WARN 23 | SKIP 3 | PASS 186 ]
     Deleting unused snapshots:
     * _snaps/zzzz-bs-sass/bootstrap.scss
     Error: Test failures
     Execution halted
Flavor: r-release-windows-ix86+x86_64