CRAN Package Check Results for Package bspec

Last updated on 2020-08-09 18:49:31 CEST.

Flavor Version Tinstall Tcheck Ttotal Status Flags
r-devel-linux-x86_64-debian-clang 1.5 4.27 25.77 30.04 NOTE
r-devel-linux-x86_64-debian-gcc 1.5 3.07 20.31 23.38 NOTE
r-devel-linux-x86_64-fedora-clang 1.5 44.33 NOTE
r-devel-linux-x86_64-fedora-gcc 1.5 34.92 NOTE
r-devel-windows-ix86+x86_64 1.5 10.00 33.00 43.00 NOTE
r-patched-linux-x86_64 1.5 4.06 25.71 29.77 NOTE
r-patched-solaris-x86 1.5 53.60 NOTE
r-release-linux-x86_64 1.5 4.16 25.88 30.04 NOTE
r-release-macos-x86_64 1.5 NOTE
r-release-windows-ix86+x86_64 1.5 6.00 34.00 40.00 NOTE
r-oldrel-macos-x86_64 1.5 NOTE
r-oldrel-windows-ix86+x86_64 1.5 7.00 51.00 58.00 NOTE

Check Details

Version: 1.5
Check: R code for possible problems
Result: NOTE
    plot.bspec: no visible global function definition for 'par'
    plot.bspec: no visible global function definition for 'matlines'
    plot.bspec: no visible global function definition for 'points'
    plot.bspec: no visible global function definition for 'axis'
    plot.bspec: no visible global function definition for 'mtext'
    plot.bspec: no visible global function definition for 'axTicks'
    plot.bspec: no visible global function definition for 'box'
    plot.bspecACF: no visible global function definition for 'abline'
    plot.bspecACF: no visible global function definition for 'matlines'
    Undefined global functions or variables:
     abline axTicks axis box matlines mtext par points
    Consider adding
     importFrom("graphics", "abline", "axTicks", "axis", "box", "matlines",
     "mtext", "par", "points")
    to your NAMESPACE file.
Flavors: r-devel-linux-x86_64-debian-clang, r-devel-linux-x86_64-debian-gcc, r-devel-linux-x86_64-fedora-clang, r-devel-linux-x86_64-fedora-gcc, r-devel-windows-ix86+x86_64, r-patched-linux-x86_64, r-patched-solaris-x86, r-release-linux-x86_64, r-release-macos-x86_64, r-release-windows-ix86+x86_64

Version: 1.5
Check: R code for possible problems
Result: NOTE
    plot.bspec: no visible global function definition for ‘par’
    plot.bspec: no visible global function definition for ‘plot’
    plot.bspec: no visible global function definition for ‘matlines’
    plot.bspec: no visible global function definition for ‘points’
    plot.bspec: no visible global function definition for ‘axis’
    plot.bspec: no visible global function definition for ‘mtext’
    plot.bspec: no visible global function definition for ‘axTicks’
    plot.bspec: no visible global function definition for ‘box’
    plot.bspecACF: no visible global function definition for ‘plot’
    plot.bspecACF: no visible global function definition for ‘abline’
    plot.bspecACF: no visible global function definition for ‘matlines’
    Undefined global functions or variables:
     abline axTicks axis box matlines mtext par plot points
    Consider adding
     importFrom("graphics", "abline", "axTicks", "axis", "box", "matlines",
     "mtext", "par", "plot", "points")
    to your NAMESPACE file.
Flavors: r-oldrel-macos-x86_64, r-oldrel-windows-ix86+x86_64