CRAN Package Check Results for Package bst

Last updated on 2021-09-19 09:50:03 CEST.

Flavor Version Tinstall Tcheck Ttotal Status Flags
r-devel-linux-x86_64-debian-clang 0.3-23 13.46 145.41 158.87 OK
r-devel-linux-x86_64-debian-gcc 0.3-23 10.18 109.70 119.88 OK
r-devel-linux-x86_64-fedora-clang 0.3-23 193.43 OK
r-devel-linux-x86_64-fedora-gcc 0.3-23 184.38 OK
r-devel-windows-x86_64 0.3-23 13.00 192.00 205.00 OK
r-devel-windows-x86_64-gcc10-UCRT 0.3-23 ERROR
r-patched-linux-x86_64 0.3-23 11.57 148.16 159.73 OK
r-patched-solaris-x86 0.3-23 265.60 OK
r-release-linux-x86_64 0.3-23 12.03 147.74 159.77 OK
r-release-macos-arm64 0.3-23 OK
r-release-macos-x86_64 0.3-23 OK
r-release-windows-ix86+x86_64 0.3-23 24.00 153.00 177.00 OK
r-oldrel-macos-x86_64 0.3-23 OK
r-oldrel-windows-ix86+x86_64 0.3-23 23.00 201.00 224.00 OK

Check Details

Version: 0.3-23
Check: whether package can be installed
Result: WARN
    Found the following significant warnings:
     WARNING: installation-time patches will not be applied, could not get the patches index
Flavor: r-devel-windows-x86_64-gcc10-UCRT

Version: 0.3-23
Check: PDF version of manual
Result: WARN
    LaTeX errors when creating PDF version.
    This typically indicates Rd problems.
Flavor: r-devel-windows-x86_64-gcc10-UCRT

Version: 0.3-23
Check: PDF version of manual without hyperrefs or index
Result: ERROR
    Re-running with no redirection of stdout/stderr.
Flavor: r-devel-windows-x86_64-gcc10-UCRT