CRAN Package Check Results for Package bsts

Last updated on 2020-11-25 03:51:35 CET.

Flavor Version Tinstall Tcheck Ttotal Status Flags
r-devel-linux-x86_64-debian-clang 0.9.5 104.83 279.54 384.37 OK
r-devel-linux-x86_64-debian-gcc 0.9.5 160.97 216.52 377.49 OK
r-devel-linux-x86_64-fedora-clang 0.9.5 496.81 NOTE
r-devel-linux-x86_64-fedora-gcc 0.9.5 515.01 OK
r-devel-windows-ix86+x86_64 0.9.5 236.00 704.00 940.00 ERROR
r-patched-linux-x86_64 0.9.5 201.73 286.94 488.67 OK
r-release-linux-x86_64 0.9.5 202.63 283.65 486.28 OK
r-release-macos-x86_64 0.9.5 NOTE
r-release-windows-ix86+x86_64 0.9.5 253.00 726.00 979.00 NOTE
r-oldrel-macos-x86_64 0.9.5 NOTE
r-oldrel-windows-ix86+x86_64 0.9.5 243.00 639.00 882.00 NOTE

Check Details

Version: 0.9.5
Check: installed package size
Result: NOTE
     installed size is 102.4Mb
     sub-directories of 1Mb or more:
     libs 101.5Mb
Flavors: r-devel-linux-x86_64-fedora-clang, r-devel-windows-ix86+x86_64, r-release-macos-x86_64, r-release-windows-ix86+x86_64, r-oldrel-macos-x86_64, r-oldrel-windows-ix86+x86_64

Version: 0.9.5
Check: running tests for arch ‘i386’
Result: ERROR
     Running 'testthat.R' [203s]
    Running the tests in 'tests/testthat.R' failed.
    Complete output:
     > library(testthat)
     > library(bsts)
     Loading required package: BoomSpikeSlab
     Loading required package: Boom
     Loading required package: MASS
    
     Attaching package: 'Boom'
    
     The following object is masked from 'package:stats':
    
     rWishart
    
    
     Attaching package: 'BoomSpikeSlab'
    
     The following object is masked from 'package:stats':
    
     knots
    
     Loading required package: zoo
    
     Attaching package: 'zoo'
    
     The following objects are masked from 'package:base':
    
     as.Date, as.Date.numeric
    
     Loading required package: xts
    
     Attaching package: 'bsts'
    
     The following object is masked from 'package:BoomSpikeSlab':
    
     SuggestBurn
    
     > library(Boom)
     >
     > test_check("bsts")
     =-=-=-=-= Iteration 0 Mon Nov 23 05:32:59 2020
     =-=-=-=-=
     =-=-=-=-= Iteration 5 Mon Nov 23 05:33:02 2020
     =-=-=-=-=
     =-=-=-=-= Iteration 10 Mon Nov 23 05:33:04 2020
     =-=-=-=-=
     =-=-=-=-= Iteration 15 Mon Nov 23 05:33:07 2020
     =-=-=-=-=
     =-=-=-=-= Iteration 20 Mon Nov 23 05:33:10 2020
     =-=-=-=-=
     =-=-=-=-= Iteration 25 Mon Nov 23 05:33:12 2020
     =-=-=-=-=
     =-=-=-=-= Iteration 30 Mon Nov 23 05:33:14 2020
     =-=-=-=-=
     =-=-=-=-= Iteration 35 Mon Nov 23 05:33:17 2020
     =-=-=-=-=
     =-=-=-=-= Iteration 40 Mon Nov 23 05:33:19 2020
     =-=-=-=-=
     =-=-=-=-= Iteration 45 Mon Nov 23 05:33:22 2020
     =-=-=-=-=
     =-=-=-=-= Iteration 0 Mon Nov 23 05:33:26 2020
     =-=-=-=-=
     =-=-=-=-= Iteration 5 Mon Nov 23 05:33:28 2020
     =-=-=-=-=
     =-=-=-=-= Iteration 10 Mon Nov 23 05:33:30 2020
     =-=-=-=-=
     =-=-=-=-= Iteration 15 Mon Nov 23 05:33:33 2020
     =-=-=-=-=
     =-=-=-=-= Iteration 20 Mon Nov 23 05:33:36 2020
     =-=-=-=-=
     =-=-=-=-= Iteration 25 Mon Nov 23 05:33:38 2020
     =-=-=-=-=
     =-=-=-=-= Iteration 30 Mon Nov 23 05:33:41 2020
     =-=-=-=-=
     =-=-=-=-= Iteration 35 Mon Nov 23 05:33:44 2020
     =-=-=-=-=
     =-=-=-=-= Iteration 40 Mon Nov 23 05:33:46 2020
     =-=-=-=-=
     =-=-=-=-= Iteration 45 Mon Nov 23 05:33:48 2020
     =-=-=-=-=
     -- FAILURE (test-dirm.R:38:3): Models are identical ----------------------------
     all(model$coefficients == model2$coefficients) is not TRUE
    
     `actual`: FALSE
     `expected`: TRUE
    
     -- FAILURE (test-dirm.R:39:3): Models are identical ----------------------------
     all(model$sigma.obs == model2$sigma.obs) is not TRUE
    
     `actual`: FALSE
     `expected`: TRUE
    
     =-=-=-=-= Iteration 0 Mon Nov 23 05:33:51 2020
     =-=-=-=-=
     =-=-=-=-= Iteration 10 Mon Nov 23 05:33:51 2020
     =-=-=-=-=
     =-=-=-=-= Iteration 20 Mon Nov 23 05:33:51 2020
     =-=-=-=-=
     =-=-=-=-= Iteration 30 Mon Nov 23 05:33:51 2020
     =-=-=-=-=
     =-=-=-=-= Iteration 40 Mon Nov 23 05:33:51 2020
     =-=-=-=-=
     =-=-=-=-= Iteration 50 Mon Nov 23 05:33:51 2020
     =-=-=-=-=
     =-=-=-=-= Iteration 60 Mon Nov 23 05:33:51 2020
     =-=-=-=-=
     =-=-=-=-= Iteration 70 Mon Nov 23 05:33:51 2020
     =-=-=-=-=
     =-=-=-=-= Iteration 80 Mon Nov 23 05:33:51 2020
     =-=-=-=-=
     =-=-=-=-= Iteration 90 Mon Nov 23 05:33:51 2020
     =-=-=-=-=
     =-=-=-=-= Iteration 0 Mon Nov 23 05:33:51 2020
     =-=-=-=-=
     =-=-=-=-= Iteration 100 Mon Nov 23 05:33:51 2020
     =-=-=-=-=
     =-=-=-=-= Iteration 200 Mon Nov 23 05:33:52 2020
     =-=-=-=-=
     =-=-=-=-= Iteration 300 Mon Nov 23 05:33:52 2020
     =-=-=-=-=
     =-=-=-=-= Iteration 400 Mon Nov 23 05:33:52 2020
     =-=-=-=-=
     =-=-=-=-= Iteration 500 Mon Nov 23 05:33:53 2020
     =-=-=-=-=
     =-=-=-=-= Iteration 600 Mon Nov 23 05:33:53 2020
     =-=-=-=-=
     =-=-=-=-= Iteration 700 Mon Nov 23 05:33:53 2020
     =-=-=-=-=
     =-=-=-=-= Iteration 800 Mon Nov 23 05:33:53 2020
     =-=-=-=-=
     =-=-=-=-= Iteration 900 Mon Nov 23 05:33:53 2020
     =-=-=-=-=
     =-=-=-=-= Iteration 0 Mon Nov 23 05:33:54 2020
     =-=-=-=-=
     =-=-=-=-= Iteration 10 Mon Nov 23 05:33:54 2020
     =-=-=-=-=
     =-=-=-=-= Iteration 20 Mon Nov 23 05:33:54 2020
     =-=-=-=-=
     =-=-=-=-= Iteration 30 Mon Nov 23 05:33:54 2020
     =-=-=-=-=
     =-=-=-=-= Iteration 40 Mon Nov 23 05:33:54 2020
     =-=-=-=-=
     =-=-=-=-= Iteration 50 Mon Nov 23 05:33:54 2020
     =-=-=-=-=
     =-=-=-=-= Iteration 60 Mon Nov 23 05:33:54 2020
     =-=-=-=-=
     =-=-=-=-= Iteration 70 Mon Nov 23 05:33:54 2020
     =-=-=-=-=
     =-=-=-=-= Iteration 80 Mon Nov 23 05:33:54 2020
     =-=-=-=-=
     =-=-=-=-= Iteration 90 Mon Nov 23 05:33:54 2020
     =-=-=-=-=
     -- Skip (test-dynamic-regression.R:23:1): model runs with default prior --------
     Reason: empty test
    
     =-=-=-=-= Iteration 0 Mon Nov 23 05:33:54 2020
     =-=-=-=-=
     =-=-=-=-= Iteration 100 Mon Nov 23 05:34:01 2020
     =-=-=-=-=
     =-=-=-=-= Iteration 200 Mon Nov 23 05:34:07 2020
     =-=-=-=-=
     =-=-=-=-= Iteration 300 Mon Nov 23 05:34:13 2020
     =-=-=-=-=
     =-=-=-=-= Iteration 400 Mon Nov 23 05:34:20 2020
     =-=-=-=-=
     =-=-=-=-= Iteration 500 Mon Nov 23 05:34:26 2020
     =-=-=-=-=
     =-=-=-=-= Iteration 600 Mon Nov 23 05:34:32 2020
     =-=-=-=-=
     =-=-=-=-= Iteration 700 Mon Nov 23 05:34:38 2020
     =-=-=-=-=
     =-=-=-=-= Iteration 800 Mon Nov 23 05:34:45 2020
     =-=-=-=-=
     =-=-=-=-= Iteration 900 Mon Nov 23 05:34:51 2020
     =-=-=-=-=
     -- Skip (test-dynamic-regression.R:50:1): predict method runs without crashing f
     Reason: empty test
    
     =-=-=-=-= Iteration 0 Mon Nov 23 05:34:58 2020
     =-=-=-=-=
     =-=-=-=-= Iteration 10 Mon Nov 23 05:34:59 2020
     =-=-=-=-=
     =-=-=-=-= Iteration 20 Mon Nov 23 05:35:00 2020
     =-=-=-=-=
     =-=-=-=-= Iteration 30 Mon Nov 23 05:35:00 2020
     =-=-=-=-=
     =-=-=-=-= Iteration 40 Mon Nov 23 05:35:01 2020
     =-=-=-=-=
     =-=-=-=-= Iteration 50 Mon Nov 23 05:35:02 2020
     =-=-=-=-=
     =-=-=-=-= Iteration 60 Mon Nov 23 05:35:02 2020
     =-=-=-=-=
     =-=-=-=-= Iteration 70 Mon Nov 23 05:35:03 2020
     =-=-=-=-=
     =-=-=-=-= Iteration 80 Mon Nov 23 05:35:04 2020
     =-=-=-=-=
     =-=-=-=-= Iteration 90 Mon Nov 23 05:35:04 2020
     =-=-=-=-=
     -- Skip (test-dynamic-regression.R:72:1): predict method runs without crashing f
     Reason: empty test
    
     =-=-=-=-= Iteration 0 Mon Nov 23 05:35:05 2020
     =-=-=-=-=
     =-=-=-=-= Iteration 10 Mon Nov 23 05:35:05 2020
     =-=-=-=-=
     =-=-=-=-= Iteration 20 Mon Nov 23 05:35:05 2020
     =-=-=-=-=
     =-=-=-=-= Iteration 30 Mon Nov 23 05:35:06 2020
     =-=-=-=-=
     =-=-=-=-= Iteration 40 Mon Nov 23 05:35:06 2020
     =-=-=-=-=
     =-=-=-=-= Iteration 50 Mon Nov 23 05:35:06 2020
     =-=-=-=-=
     =-=-=-=-= Iteration 60 Mon Nov 23 05:35:07 2020
     =-=-=-=-=
     =-=-=-=-= Iteration 70 Mon Nov 23 05:35:07 2020
     =-=-=-=-=
     =-=-=-=-= Iteration 80 Mon Nov 23 05:35:07 2020
     =-=-=-=-=
     =-=-=-=-= Iteration 90 Mon Nov 23 05:35:07 2020
     =-=-=-=-=
     =-=-=-=-= Iteration 0 Mon Nov 23 05:35:08 2020
     =-=-=-=-=
     =-=-=-=-= Iteration 5 Mon Nov 23 05:35:08 2020
     =-=-=-=-=
     =-=-=-=-= Iteration 10 Mon Nov 23 05:35:08 2020
     =-=-=-=-=
     =-=-=-=-= Iteration 15 Mon Nov 23 05:35:08 2020
     =-=-=-=-=
     =-=-=-=-= Iteration 20 Mon Nov 23 05:35:08 2020
     =-=-=-=-=
     =-=-=-=-= Iteration 25 Mon Nov 23 05:35:09 2020
     =-=-=-=-=
     =-=-=-=-= Iteration 30 Mon Nov 23 05:35:09 2020
     =-=-=-=-=
     =-=-=-=-= Iteration 35 Mon Nov 23 05:35:09 2020
     =-=-=-=-=
     =-=-=-=-= Iteration 40 Mon Nov 23 05:35:09 2020
     =-=-=-=-=
     =-=-=-=-= Iteration 45 Mon Nov 23 05:35:09 2020
     =-=-=-=-=
     Starting the prediction.
     =-=-=-=-= Iteration 0 Mon Nov 23 05:35:12 2020
     =-=-=-=-=
     =-=-=-=-= Iteration 10 Mon Nov 23 05:35:13 2020
     =-=-=-=-=
     =-=-=-=-= Iteration 20 Mon Nov 23 05:35:14 2020
     =-=-=-=-=
     =-=-=-=-= Iteration 30 Mon Nov 23 05:35:14 2020
     =-=-=-=-=
     =-=-=-=-= Iteration 40 Mon Nov 23 05:35:15 2020
     =-=-=-=-=
     =-=-=-=-= Iteration 50 Mon Nov 23 05:35:16 2020
     =-=-=-=-=
     =-=-=-=-= Iteration 60 Mon Nov 23 05:35:17 2020
     =-=-=-=-=
     =-=-=-=-= Iteration 70 Mon Nov 23 05:35:18 2020
     =-=-=-=-=
     =-=-=-=-= Iteration 80 Mon Nov 23 05:35:19 2020
     =-=-=-=-=
     =-=-=-=-= Iteration 90 Mon Nov 23 05:35:19 2020
     =-=-=-=-=
     =-=-=-=-= Iteration 0 Mon Nov 23 05:35:23 2020
     =-=-=-=-=
     =-=-=-=-= Iteration 250 Mon Nov 23 05:35:24 2020
     =-=-=-=-=
     =-=-=-=-= Iteration 0 Mon Nov 23 05:35:24 2020
     =-=-=-=-=
     =-=-=-=-= Iteration 250 Mon Nov 23 05:35:24 2020
     =-=-=-=-=
     =-=-=-=-= Iteration 0 Mon Nov 23 05:35:25 2020
     =-=-=-=-=
     =-=-=-=-= Iteration 250 Mon Nov 23 05:35:25 2020
     =-=-=-=-=
     =-=-=-=-= Iteration 0 Mon Nov 23 05:35:25 2020
     =-=-=-=-=
     =-=-=-=-= Iteration 250 Mon Nov 23 05:35:26 2020
     =-=-=-=-=
     =-=-=-=-= Iteration 0 Mon Nov 23 05:35:26 2020
     =-=-=-=-=
     =-=-=-=-= Iteration 250 Mon Nov 23 05:35:26 2020
     =-=-=-=-=
     =-=-=-=-= Iteration 0 Mon Nov 23 05:35:27 2020
     =-=-=-=-=
     =-=-=-=-= Iteration 250 Mon Nov 23 05:35:27 2020
     =-=-=-=-=
     =-=-=-=-= Iteration 0 Mon Nov 23 05:35:28 2020
     =-=-=-=-=
     =-=-=-=-= Iteration 50 Mon Nov 23 05:35:28 2020
     =-=-=-=-=
     =-=-=-=-= Iteration 100 Mon Nov 23 05:35:28 2020
     =-=-=-=-=
     =-=-=-=-= Iteration 150 Mon Nov 23 05:35:28 2020
     =-=-=-=-=
     =-=-=-=-= Iteration 200 Mon Nov 23 05:35:28 2020
     =-=-=-=-=
     =-=-=-=-= Iteration 250 Mon Nov 23 05:35:28 2020
     =-=-=-=-=
     =-=-=-=-= Iteration 300 Mon Nov 23 05:35:28 2020
     =-=-=-=-=
     =-=-=-=-= Iteration 350 Mon Nov 23 05:35:28 2020
     =-=-=-=-=
     =-=-=-=-= Iteration 400 Mon Nov 23 05:35:28 2020
     =-=-=-=-=
     =-=-=-=-= Iteration 450 Mon Nov 23 05:35:28 2020
     =-=-=-=-=
     =-=-=-=-= Iteration 0 Mon Nov 23 05:35:29 2020
     =-=-=-=-=
     =-=-=-=-= Iteration 50 Mon Nov 23 05:35:29 2020
     =-=-=-=-=
     =-=-=-=-= Iteration 100 Mon Nov 23 05:35:29 2020
     =-=-=-=-=
     =-=-=-=-= Iteration 150 Mon Nov 23 05:35:30 2020
     =-=-=-=-=
     =-=-=-=-= Iteration 200 Mon Nov 23 05:35:30 2020
     =-=-=-=-=
     =-=-=-=-= Iteration 250 Mon Nov 23 05:35:30 2020
     =-=-=-=-=
     =-=-=-=-= Iteration 300 Mon Nov 23 05:35:31 2020
     =-=-=-=-=
     =-=-=-=-= Iteration 350 Mon Nov 23 05:35:31 2020
     =-=-=-=-=
     =-=-=-=-= Iteration 400 Mon Nov 23 05:35:31 2020
     =-=-=-=-=
     =-=-=-=-= Iteration 450 Mon Nov 23 05:35:32 2020
     =-=-=-=-=
     =-=-=-=-= Iteration 0 Mon Nov 23 05:35:35 2020
     =-=-=-=-=
     =-=-=-=-= Iteration 50 Mon Nov 23 05:35:36 2020
     =-=-=-=-=
     =-=-=-=-= Iteration 100 Mon Nov 23 05:35:36 2020
     =-=-=-=-=
     =-=-=-=-= Iteration 150 Mon Nov 23 05:35:36 2020
     =-=-=-=-=
     =-=-=-=-= Iteration 200 Mon Nov 23 05:35:37 2020
     =-=-=-=-=
     =-=-=-=-= Iteration 250 Mon Nov 23 05:35:37 2020
     =-=-=-=-=
     =-=-=-=-= Iteration 300 Mon Nov 23 05:35:37 2020
     =-=-=-=-=
     =-=-=-=-= Iteration 350 Mon Nov 23 05:35:38 2020
     =-=-=-=-=
     =-=-=-=-= Iteration 400 Mon Nov 23 05:35:38 2020
     =-=-=-=-=
     =-=-=-=-= Iteration 450 Mon Nov 23 05:35:39 2020
     =-=-=-=-=
     -- Skip (test-prediction-errors.R:21:1): Prediction errors work for student fami
     Reason: empty test
    
     =-=-=-=-= Iteration 0 Mon Nov 23 05:35:45 2020
     =-=-=-=-=
     =-=-=-=-= Iteration 10 Mon Nov 23 05:35:46 2020
     =-=-=-=-=
     =-=-=-=-= Iteration 20 Mon Nov 23 05:35:47 2020
     =-=-=-=-=
     =-=-=-=-= Iteration 30 Mon Nov 23 05:35:48 2020
     =-=-=-=-=
     =-=-=-=-= Iteration 40 Mon Nov 23 05:35:49 2020
     =-=-=-=-=
     =-=-=-=-= Iteration 50 Mon Nov 23 05:35:49 2020
     =-=-=-=-=
     =-=-=-=-= Iteration 60 Mon Nov 23 05:35:50 2020
     =-=-=-=-=
     =-=-=-=-= Iteration 70 Mon Nov 23 05:35:51 2020
     =-=-=-=-=
     =-=-=-=-= Iteration 80 Mon Nov 23 05:35:51 2020
     =-=-=-=-=
     =-=-=-=-= Iteration 90 Mon Nov 23 05:35:52 2020
     =-=-=-=-=
     =-=-=-=-= Iteration 0 Mon Nov 23 05:35:54 2020
     =-=-=-=-=
     =-=-=-=-= Iteration 25 Mon Nov 23 05:35:54 2020
     =-=-=-=-=
     =-=-=-=-= Iteration 50 Mon Nov 23 05:35:54 2020
     =-=-=-=-=
     =-=-=-=-= Iteration 75 Mon Nov 23 05:35:55 2020
     =-=-=-=-=
     =-=-=-=-= Iteration 100 Mon Nov 23 05:35:55 2020
     =-=-=-=-=
     =-=-=-=-= Iteration 125 Mon Nov 23 05:35:55 2020
     =-=-=-=-=
     =-=-=-=-= Iteration 150 Mon Nov 23 05:35:55 2020
     =-=-=-=-=
     =-=-=-=-= Iteration 175 Mon Nov 23 05:35:55 2020
     =-=-=-=-=
     =-=-=-=-= Iteration 200 Mon Nov 23 05:35:55 2020
     =-=-=-=-=
     =-=-=-=-= Iteration 225 Mon Nov 23 05:35:56 2020
     =-=-=-=-=
     =-=-=-=-= Iteration 0 Mon Nov 23 05:35:56 2020
     =-=-=-=-=
     =-=-=-=-= Iteration 25 Mon Nov 23 05:35:56 2020
     =-=-=-=-=
     =-=-=-=-= Iteration 50 Mon Nov 23 05:35:56 2020
     =-=-=-=-=
     =-=-=-=-= Iteration 75 Mon Nov 23 05:35:56 2020
     =-=-=-=-=
     =-=-=-=-= Iteration 100 Mon Nov 23 05:35:56 2020
     =-=-=-=-=
     =-=-=-=-= Iteration 125 Mon Nov 23 05:35:57 2020
     =-=-=-=-=
     =-=-=-=-= Iteration 150 Mon Nov 23 05:35:57 2020
     =-=-=-=-=
     =-=-=-=-= Iteration 175 Mon Nov 23 05:35:57 2020
     =-=-=-=-=
     =-=-=-=-= Iteration 200 Mon Nov 23 05:35:57 2020
     =-=-=-=-=
     =-=-=-=-= Iteration 225 Mon Nov 23 05:35:57 2020
     =-=-=-=-=
     =-=-=-=-= Iteration 0 Mon Nov 23 05:35:58 2020
     =-=-=-=-=
     =-=-=-=-= Iteration 0 Mon Nov 23 05:36:01 2020
     =-=-=-=-=
     =-=-=-=-= Iteration 0 Mon Nov 23 05:36:05 2020
     =-=-=-=-=
     =-=-=-=-= Iteration 0 Mon Nov 23 05:36:12 2020
     =-=-=-=-=
     =-=-=-=-= Iteration 50 Mon Nov 23 05:36:13 2020
     =-=-=-=-=
     =-=-=-=-= Iteration 100 Mon Nov 23 05:36:13 2020
     =-=-=-=-=
     =-=-=-=-= Iteration 150 Mon Nov 23 05:36:14 2020
     =-=-=-=-=
     =-=-=-=-= Iteration 200 Mon Nov 23 05:36:14 2020
     =-=-=-=-=
     =-=-=-=-= Iteration 250 Mon Nov 23 05:36:15 2020
     =-=-=-=-=
     =-=-=-=-= Iteration 300 Mon Nov 23 05:36:16 2020
     =-=-=-=-=
     =-=-=-=-= Iteration 350 Mon Nov 23 05:36:16 2020
     =-=-=-=-=
     =-=-=-=-= Iteration 400 Mon Nov 23 05:36:17 2020
     =-=-=-=-=
     =-=-=-=-= Iteration 450 Mon Nov 23 05:36:17 2020
     =-=-=-=-=
     -- Skipped tests --------------------------------------------------------------
     * empty test (4)
    
     == testthat results ===========================================================
     FAILURE (test-dirm.R:38:3): Models are identical
     FAILURE (test-dirm.R:39:3): Models are identical
    
     [ FAIL 2 | WARN 0 | SKIP 4 | PASS 65 ]
     Error: Test failures
     Execution halted
Flavor: r-devel-windows-ix86+x86_64