CRAN Package Check Results for Package bsub

Last updated on 2022-07-04 21:49:37 CEST.

Flavor Version Tinstall Tcheck Ttotal Status Flags
r-devel-linux-x86_64-debian-clang 1.1.0 5.84 43.93 49.77 OK
r-devel-linux-x86_64-debian-gcc 1.1.0 4.36 33.21 37.57 OK
r-devel-linux-x86_64-fedora-clang 1.1.0 68.58 OK
r-devel-linux-x86_64-fedora-gcc 1.1.0 67.36 OK
r-devel-windows-x86_64 1.1.0 35.00 71.00 106.00 OK
r-patched-linux-x86_64 1.1.0 7.19 41.08 48.27 OK
r-release-linux-x86_64 1.1.0 6.19 42.16 48.35 OK
r-release-macos-arm64 1.1.0 22.00 NOTE
r-release-macos-x86_64 1.1.0 32.00 OK
r-release-windows-x86_64 1.1.0 33.00 71.00 104.00 OK
r-oldrel-macos-arm64 1.1.0 29.00 OK
r-oldrel-macos-x86_64 1.1.0 33.00 OK
r-oldrel-windows-ix86+x86_64 1.1.0 12.00 62.00 74.00 OK

Check Details

Version: 1.1.0
Check: package dependencies
Result: NOTE
    Packages suggested but not available for checking: 'graph', 'Rgraphviz'
Flavor: r-release-macos-arm64