CRAN Package Check Results for Package bsub

Last updated on 2020-09-22 04:49:19 CEST.

Flavor Version Tinstall Tcheck Ttotal Status Flags
r-devel-linux-x86_64-debian-clang 1.0.2 6.63 38.62 45.25 OK
r-devel-linux-x86_64-debian-gcc 1.0.2 0.52 2.39 2.91 ERROR
r-devel-linux-x86_64-fedora-clang 1.0.2 66.68 OK
r-devel-linux-x86_64-fedora-gcc 1.0.2 61.52 OK
r-devel-windows-ix86+x86_64 1.0.0 11.00 60.00 71.00 OK
r-patched-linux-x86_64 1.0.2 6.85 38.21 45.06 OK
r-patched-solaris-x86 1.0.2 80.40 NOTE
r-release-linux-x86_64 1.0.0 6.30 33.81 40.11 OK
r-release-macos-x86_64 1.0.0 OK
r-release-windows-ix86+x86_64 1.0.2 9.00 51.00 60.00 OK
r-oldrel-macos-x86_64 1.0.2 OK
r-oldrel-windows-ix86+x86_64 1.0.0 6.00 49.00 55.00 OK

Check Details

Version: 1.0.2
Check: whether package can be installed
Result: ERROR
    Installation failed.
Flavor: r-devel-linux-x86_64-debian-gcc

Version: 1.0.2
Check: package dependencies
Result: NOTE
    Package suggested but not available for checking: ‘ssh’
Flavor: r-patched-solaris-x86