Last updated on 2023-11-28 14:48:12 CET.
Flavor | Version | Tinstall | Tcheck | Ttotal | Status | Flags |
---|---|---|---|---|---|---|
r-devel-linux-x86_64-debian-clang | 0.1.1 | 3.55 | 42.07 | 45.62 | NOTE | |
r-devel-linux-x86_64-debian-gcc | 0.1.1 | 3.62 | 31.66 | 35.28 | NOTE | |
r-devel-linux-x86_64-fedora-clang | 0.1.1 | 57.84 | OK | |||
r-devel-linux-x86_64-fedora-gcc | 0.1.1 | 66.35 | OK | |||
r-devel-windows-x86_64 | 0.1.1 | 5.00 | 53.00 | 58.00 | OK | |
r-patched-linux-x86_64 | 0.1.1 | 3.36 | 41.05 | 44.41 | OK | |
r-release-linux-x86_64 | 0.1.1 | 4.53 | 40.27 | 44.80 | OK | |
r-release-macos-arm64 | 0.1.1 | 29.00 | OK | |||
r-release-macos-x86_64 | 0.1.1 | 89.00 | OK | |||
r-release-windows-x86_64 | 0.1.1 | 5.00 | 56.00 | 61.00 | OK | |
r-oldrel-macos-arm64 | 0.1.1 | 24.00 | OK | |||
r-oldrel-macos-x86_64 | 0.1.1 | 30.00 | OK | |||
r-oldrel-windows-x86_64 | 0.1.1 | 5.00 | 59.00 | 64.00 | OK |
Version: 0.1.1
Check: Rd files
Result: NOTE
checkRd: (-1) bubbleHMLegends.Rd:42: Lost braces; missing escapes or markup?
42 | function. If {sizeBreaks} vector is supplied then this will be ignored and
| ^
checkRd: (-1) bubbleHeatmap.Rd:96: Lost braces; missing escapes or markup?
96 | function. If {sizeBreaks} vector is supplied then this will be ignored and
| ^
checkRd: (-1) multiPlotInput.Rd:117: Lost braces; missing escapes or markup?
117 | \code{unitBase}. This will be supplied to pretty function. If {sizeBreaks} is
| ^
Flavors: r-devel-linux-x86_64-debian-clang, r-devel-linux-x86_64-debian-gcc