Last updated on 2023-12-10 17:49:06 CET.
Flavor | Version | Tinstall | Tcheck | Ttotal | Status | Flags |
---|---|---|---|---|---|---|
r-devel-linux-x86_64-debian-clang | 1.0.7 | 3.70 | 43.59 | 47.29 | OK | |
r-devel-linux-x86_64-debian-gcc | 1.0.7 | 2.78 | 33.17 | 35.95 | OK | |
r-devel-linux-x86_64-fedora-clang | 1.0.7 | 57.12 | NOTE | |||
r-devel-linux-x86_64-fedora-gcc | 1.0.7 | 55.89 | OK | |||
r-devel-windows-x86_64 | 1.0.7 | 4.00 | 54.00 | 58.00 | OK | |
r-patched-linux-x86_64 | 1.0.7 | 4.14 | 42.82 | 46.96 | OK | |
r-release-linux-x86_64 | 1.0.7 | 3.64 | 41.86 | 45.50 | OK | |
r-release-macos-arm64 | 1.0.7 | 22.00 | OK | |||
r-release-macos-x86_64 | 1.0.7 | 30.00 | OK | |||
r-release-windows-x86_64 | 1.0.7 | 5.00 | 57.00 | 62.00 | OK | |
r-oldrel-macos-arm64 | 1.0.7 | 20.00 | OK | |||
r-oldrel-macos-x86_64 | 1.0.7 | 30.00 | OK | |||
r-oldrel-windows-x86_64 | 1.0.7 | 5.00 | 62.00 | 67.00 | OK |
Version: 1.0.7
Check: Rd cross-references
Result: NOTE
Undeclared package ‘mitools’ in Rd xrefs
Flavor: r-devel-linux-x86_64-fedora-clang