Last updated on 2021-03-05 01:48:13 CET.
Flavor | Version | Tinstall | Tcheck | Ttotal | Status | Flags |
---|---|---|---|---|---|---|
r-devel-linux-x86_64-debian-clang | 1.0.6 | 3.34 | 37.57 | 40.91 | OK | |
r-devel-linux-x86_64-debian-gcc | 1.0.6 | 2.08 | 28.36 | 30.44 | OK | |
r-devel-linux-x86_64-fedora-clang | 1.0.6 | 57.48 | NOTE | |||
r-devel-linux-x86_64-fedora-gcc | 1.0.6 | 46.85 | OK | |||
r-devel-windows-ix86+x86_64 | 1.0.6 | 9.00 | 56.00 | 65.00 | OK | |
r-patched-linux-x86_64 | 1.0.6 | OK | ||||
r-patched-solaris-x86 | 1.0.6 | 70.80 | OK | |||
r-release-linux-x86_64 | 1.0.6 | 3.43 | 35.92 | 39.35 | OK | |
r-release-macos-x86_64 | 1.0.6 | OK | ||||
r-release-windows-ix86+x86_64 | 1.0.6 | 8.00 | 41.00 | 49.00 | OK | |
r-oldrel-macos-x86_64 | 1.0.6 | OK | ||||
r-oldrel-windows-ix86+x86_64 | 1.0.6 | 7.00 | 68.00 | 75.00 | OK |
Version: 1.0.6
Check: Rd cross-references
Result: NOTE
Undeclared package ‘mitools’ in Rd xrefs
Flavor: r-devel-linux-x86_64-fedora-clang