CRAN Package Check Results for Package bujar

Last updated on 2019-03-23 11:50:45 CET.

Flavor Version Tinstall Tcheck Ttotal Status Flags
r-devel-linux-x86_64-debian-clang 0.2-5 11.82 114.02 125.84 OK
r-devel-linux-x86_64-debian-gcc 0.2-5 10.10 90.84 100.94 OK
r-devel-linux-x86_64-fedora-clang 0.2-5 158.93 OK
r-devel-linux-x86_64-fedora-gcc 0.2-5 154.53 OK
r-devel-windows-ix86+x86_64 0.2-5 50.00 201.00 251.00 OK
r-patched-linux-x86_64 0.2-5 7.88 108.60 116.48 OK
r-patched-solaris-x86 0.2-5 218.70 OK
r-release-linux-x86_64 0.2-5 0.49 2.46 2.95 ERROR
r-release-windows-ix86+x86_64 0.2-5 21.00 139.00 160.00 OK
r-release-osx-x86_64 0.2-5 OK
r-oldrel-windows-ix86+x86_64 0.2-5 39.00 205.00 244.00 OK
r-oldrel-osx-x86_64 0.2-5 OK

Check Details

Version: 0.2-5
Check: whether package can be installed
Result: ERROR
    Installation failed.
Flavor: r-release-linux-x86_64