CRAN Package Check Results for Package bulkAnalyseR

Last updated on 2022-05-29 05:51:01 CEST.

Flavor Version Tinstall Tcheck Ttotal Status Flags
r-devel-linux-x86_64-debian-clang 1.0.0 12.50 186.02 198.52 OK
r-devel-linux-x86_64-debian-gcc 1.0.0 9.02 138.50 147.52 OK
r-devel-linux-x86_64-fedora-clang 1.0.0 246.66 NOTE
r-devel-linux-x86_64-fedora-gcc 1.0.0 225.70 OK
r-devel-windows-x86_64 1.0.0 68.00 222.00 290.00 NOTE
r-patched-linux-x86_64 1.0.0 11.87 170.95 182.82 OK
r-release-linux-x86_64 1.0.0 8.94 172.52 181.46 OK
r-release-macos-arm64 1.0.0 69.00 NOTE
r-release-macos-x86_64 1.0.0 117.00 NOTE
r-release-windows-x86_64 1.0.0 94.00 215.00 309.00 NOTE
r-oldrel-macos-arm64 1.0.0 66.00 NOTE
r-oldrel-macos-x86_64 1.0.0 92.00 NOTE
r-oldrel-windows-ix86+x86_64 1.0.0 30.00 241.00 271.00 NOTE

Check Details

Version: 1.0.0
Check: package dependencies
Result: NOTE
    Imports includes 31 non-default packages.
    Importing from so many packages makes the package vulnerable to any of
    them becoming unavailable. Move as many as possible to Suggests and
    use conditionally.
Flavor: r-devel-linux-x86_64-fedora-clang

Version: 1.0.0
Check: installed package size
Result: NOTE
     installed size is 6.1Mb
     sub-directories of 1Mb or more:
     doc 2.3Mb
     extdata 3.4Mb
Flavors: r-devel-linux-x86_64-fedora-clang, r-devel-windows-x86_64, r-release-macos-arm64, r-release-macos-x86_64, r-release-windows-x86_64, r-oldrel-macos-arm64, r-oldrel-macos-x86_64, r-oldrel-windows-ix86+x86_64